Last updated on 2020-02-15 01:01:40 CET.
Flavor | Version | Tinstall | Tcheck | Ttotal | Status | Flags |
---|---|---|---|---|---|---|
r-devel-linux-x86_64-debian-clang | 0.5.0 | 2.87 | 27.57 | 30.44 | OK | |
r-devel-linux-x86_64-debian-gcc | 0.5.0 | 1.87 | 21.64 | 23.51 | OK | |
r-devel-linux-x86_64-fedora-clang | 0.5.0 | 36.77 | NOTE | |||
r-devel-linux-x86_64-fedora-gcc | 0.5.0 | 35.33 | NOTE | |||
r-devel-windows-ix86+x86_64 | 0.5.0 | 8.00 | 43.00 | 51.00 | OK | |
r-devel-windows-ix86+x86_64-gcc8 | 0.5.0 | 11.00 | 44.00 | 55.00 | OK | |
r-patched-linux-x86_64 | 0.5.0 | 2.34 | 24.65 | 26.99 | OK | |
r-patched-solaris-x86 | 0.5.0 | 52.20 | NOTE | |||
r-release-linux-x86_64 | 0.5.0 | 2.54 | 24.67 | 27.21 | OK | |
r-release-windows-ix86+x86_64 | 0.5.0 | 7.00 | 41.00 | 48.00 | OK | |
r-release-osx-x86_64 | 0.5.0 | NOTE | ||||
r-oldrel-windows-ix86+x86_64 | 0.5.0 | 4.00 | 46.00 | 50.00 | OK | |
r-oldrel-osx-x86_64 | 0.5.0 | NOTE |
Version: 0.5.0
Check: dependencies in R code
Result: NOTE
Namespaces in Imports field not imported from:
‘shiny’ ‘shinyjs’
All declared Imports should be used.
Flavors: r-devel-linux-x86_64-fedora-clang, r-devel-linux-x86_64-fedora-gcc, r-patched-solaris-x86, r-release-osx-x86_64, r-oldrel-osx-x86_64