Last updated on 2020-02-15 01:01:40 CET.
Flavor | Version | Tinstall | Tcheck | Ttotal | Status | Flags |
---|---|---|---|---|---|---|
r-devel-linux-x86_64-debian-clang | 0.7-6 | 6.68 | 38.69 | 45.37 | OK | |
r-devel-linux-x86_64-debian-gcc | 0.7-6 | 4.24 | 29.78 | 34.02 | OK | |
r-devel-linux-x86_64-fedora-clang | 0.7-6 | 54.76 | NOTE | |||
r-devel-linux-x86_64-fedora-gcc | 0.7-6 | 53.13 | NOTE | |||
r-devel-windows-ix86+x86_64 | 0.7-6 | 16.00 | 66.00 | 82.00 | OK | |
r-devel-windows-ix86+x86_64-gcc8 | 0.7-6 | 23.00 | 67.00 | 90.00 | OK | |
r-patched-linux-x86_64 | 0.7-6 | 5.77 | 35.04 | 40.81 | OK | |
r-patched-solaris-x86 | 0.7-6 | 69.00 | OK | |||
r-release-linux-x86_64 | 0.7-6 | 5.26 | 34.80 | 40.06 | OK | |
r-release-windows-ix86+x86_64 | 0.7-6 | 15.00 | 59.00 | 74.00 | OK | |
r-release-osx-x86_64 | 0.7-6 | OK | ||||
r-oldrel-windows-ix86+x86_64 | 0.7-6 | 13.00 | 87.00 | 100.00 | OK | |
r-oldrel-osx-x86_64 | 0.7-6 | OK |
Version: 0.7-6
Check: compiled code
Result: NOTE
File ‘signal/libs/signal.so’:
Found no calls to: ‘R_registerRoutines’, ‘R_useDynamicSymbols’
It is good practice to register native routines and to disable symbol
search.
See ‘Writing portable packages’ in the ‘Writing R Extensions’ manual.
Flavors: r-devel-linux-x86_64-fedora-clang, r-devel-linux-x86_64-fedora-gcc