Last updated on 2020-02-15 01:01:40 CET.
Flavor | Version | Tinstall | Tcheck | Ttotal | Status | Flags |
---|---|---|---|---|---|---|
r-devel-linux-x86_64-debian-clang | 1.2.0 | 79.51 | 181.93 | 261.44 | OK | |
r-devel-linux-x86_64-debian-gcc | 1.2.0 | 55.53 | 135.34 | 190.87 | OK | |
r-devel-linux-x86_64-fedora-clang | 1.2.0 | 324.20 | NOTE | |||
r-devel-linux-x86_64-fedora-gcc | 1.2.0 | 311.15 | OK | |||
r-devel-windows-ix86+x86_64 | 1.2.0 | 163.00 | 275.00 | 438.00 | OK | |
r-devel-windows-ix86+x86_64-gcc8 | 1.2.0 | 216.00 | 282.00 | 498.00 | NOTE | |
r-patched-linux-x86_64 | 1.2.0 | 62.19 | 156.38 | 218.57 | OK | |
r-patched-solaris-x86 | 1.2.0 | 382.50 | OK | |||
r-release-linux-x86_64 | 1.2.0 | 63.10 | 156.61 | 219.71 | OK | |
r-release-windows-ix86+x86_64 | 1.2.0 | 131.00 | 265.00 | 396.00 | OK | |
r-release-osx-x86_64 | 1.2.0 | OK | ||||
r-oldrel-windows-ix86+x86_64 | 1.2.0 | 111.00 | 242.00 | 353.00 | OK | |
r-oldrel-osx-x86_64 | 1.2.0 | OK |
Version: 1.2.0
Check: installed package size
Result: NOTE
installed size is 5.0Mb
sub-directories of 1Mb or more:
data 2.0Mb
libs 2.1Mb
Flavors: r-devel-linux-x86_64-fedora-clang, r-devel-windows-ix86+x86_64-gcc8