CRAN Package Check Results for Package smacof

Last updated on 2020-02-15 01:01:40 CET.

Flavor Version Tinstall Tcheck Ttotal Status Flags
r-devel-linux-x86_64-debian-clang 2.0-0 20.91 394.72 415.63 OK
r-devel-linux-x86_64-debian-gcc 2.0-0 16.07 284.74 300.81 OK
r-devel-linux-x86_64-fedora-clang 2.0-0 460.70 NOTE
r-devel-linux-x86_64-fedora-gcc 2.0-0 337.35 NOTE
r-devel-windows-ix86+x86_64 2.0-0 51.00 437.00 488.00 OK
r-devel-windows-ix86+x86_64-gcc8 2.0-0 69.00 440.00 509.00 OK
r-patched-linux-x86_64 2.0-0 15.81 348.24 364.05 OK
r-patched-solaris-x86 2.0-0 577.10 NOTE
r-release-linux-x86_64 2.0-0 16.53 347.81 364.34 OK
r-release-windows-ix86+x86_64 2.0-0 43.00 423.00 466.00 OK
r-release-osx-x86_64 2.0-0 NOTE
r-oldrel-windows-ix86+x86_64 2.0-0 35.00 424.00 459.00 OK
r-oldrel-osx-x86_64 2.0-0 NOTE

Check Details

Version: 2.0-0
Check: data for non-ASCII characters
Result: NOTE
     Note: found 15 marked Latin-1 strings
     Note: found 2 marked UTF-8 strings
Flavors: r-devel-linux-x86_64-fedora-clang, r-devel-linux-x86_64-fedora-gcc, r-patched-solaris-x86, r-release-osx-x86_64, r-oldrel-osx-x86_64