Last updated on 2020-02-15 01:01:40 CET.
Flavor | Version | Tinstall | Tcheck | Ttotal | Status | Flags |
---|---|---|---|---|---|---|
r-devel-linux-x86_64-debian-clang | 0.2.1 | 8.90 | 82.45 | 91.35 | OK | |
r-devel-linux-x86_64-debian-gcc | 0.2.1 | 7.91 | 62.69 | 70.60 | OK | |
r-devel-linux-x86_64-fedora-clang | 0.2.1 | 106.70 | OK | |||
r-devel-linux-x86_64-fedora-gcc | 0.2.1 | 109.57 | OK | |||
r-devel-windows-ix86+x86_64 | 0.2.1 | 18.00 | 83.00 | 101.00 | OK | |
r-devel-windows-ix86+x86_64-gcc8 | 0.2.1 | 19.00 | 6.00 | 25.00 | ERROR | |
r-patched-linux-x86_64 | 0.2.1 | 6.63 | 70.10 | 76.73 | OK | |
r-patched-solaris-x86 | 0.2.1 | 152.40 | OK | |||
r-release-linux-x86_64 | 0.2.1 | 6.92 | 69.75 | 76.67 | OK | |
r-release-windows-ix86+x86_64 | 0.2.1 | 14.00 | 83.00 | 97.00 | OK | |
r-release-osx-x86_64 | 0.2.1 | OK | ||||
r-oldrel-windows-ix86+x86_64 | 0.2.1 | 10.00 | 94.00 | 104.00 | OK | |
r-oldrel-osx-x86_64 | 0.2.1 | OK |
Version: 0.2.1
Check: whether package can be installed
Result: ERROR
Installation failed.
Flavor: r-devel-windows-ix86+x86_64-gcc8