CRAN Package Check Results for Package smoothAPC

Last updated on 2020-02-15 01:01:40 CET.

Flavor Version Tinstall Tcheck Ttotal Status Flags
r-devel-linux-x86_64-debian-clang 0.3 10.13 112.53 122.66 OK
r-devel-linux-x86_64-debian-gcc 0.3 9.00 91.89 100.89 OK
r-devel-linux-x86_64-fedora-clang 0.3 142.68 NOTE
r-devel-linux-x86_64-fedora-gcc 0.3 141.99 NOTE
r-devel-windows-ix86+x86_64 0.3 23.00 114.00 137.00 OK
r-devel-windows-ix86+x86_64-gcc8 0.3 30.00 108.00 138.00 OK
r-patched-linux-x86_64 0.3 8.27 87.63 95.90 OK
r-patched-solaris-x86 0.3 193.40 NOTE
r-release-linux-x86_64 0.3 8.82 88.02 96.84 OK
r-release-windows-ix86+x86_64 0.3 22.00 102.00 124.00 OK
r-release-osx-x86_64 0.3 WARN
r-oldrel-windows-ix86+x86_64 0.3 11.00 114.00 125.00 OK
r-oldrel-osx-x86_64 0.3 NOTE

Check Details

Version: 0.3
Check: dependencies in R code
Result: NOTE
    Namespaces in Imports field not imported from:
     ‘compiler’ ‘lmtest’
     All declared Imports should be used.
Flavors: r-devel-linux-x86_64-fedora-clang, r-devel-linux-x86_64-fedora-gcc, r-patched-solaris-x86, r-release-osx-x86_64, r-oldrel-osx-x86_64

Version: 0.3
Check: whether package can be installed
Result: WARN
    Found the following significant warnings:
     Warning: 'rgl_init' failed, running with rgl.useNULL = TRUE
Flavor: r-release-osx-x86_64