Last updated on 2020-02-15 01:01:40 CET.
Flavor | Version | Tinstall | Tcheck | Ttotal | Status | Flags |
---|---|---|---|---|---|---|
r-devel-linux-x86_64-debian-clang | 0.1.2 | 1.61 | 18.24 | 19.85 | NOTE | |
r-devel-linux-x86_64-debian-gcc | 0.1.2 | 1.68 | 14.69 | 16.37 | NOTE | |
r-devel-linux-x86_64-fedora-clang | 0.1.2 | 26.25 | NOTE | |||
r-devel-linux-x86_64-fedora-gcc | 0.1.2 | 25.29 | NOTE | |||
r-devel-windows-ix86+x86_64 | 0.1.2 | 5.00 | 30.00 | 35.00 | NOTE | |
r-devel-windows-ix86+x86_64-gcc8 | 0.1.2 | 7.00 | 26.00 | 33.00 | NOTE | |
r-patched-linux-x86_64 | 0.1.2 | 1.43 | 16.95 | 18.38 | NOTE | |
r-patched-solaris-x86 | 0.1.2 | 36.40 | NOTE | |||
r-release-linux-x86_64 | 0.1.2 | 1.55 | 16.77 | 18.32 | NOTE | |
r-release-windows-ix86+x86_64 | 0.1.2 | 5.00 | 40.00 | 45.00 | NOTE | |
r-release-osx-x86_64 | 0.1.2 | NOTE | ||||
r-oldrel-windows-ix86+x86_64 | 0.1.2 | 3.00 | 26.00 | 29.00 | NOTE | |
r-oldrel-osx-x86_64 | 0.1.2 | NOTE |
Version: 0.1.2
Check: DESCRIPTION meta-information
Result: NOTE
Malformed Description field: should contain one or more complete sentences.
Flavors: r-devel-linux-x86_64-debian-clang, r-devel-linux-x86_64-debian-gcc, r-devel-linux-x86_64-fedora-clang, r-devel-linux-x86_64-fedora-gcc, r-devel-windows-ix86+x86_64, r-devel-windows-ix86+x86_64-gcc8, r-patched-linux-x86_64, r-patched-solaris-x86, r-release-linux-x86_64, r-release-windows-ix86+x86_64, r-release-osx-x86_64, r-oldrel-windows-ix86+x86_64, r-oldrel-osx-x86_64