Last updated on 2020-02-15 01:01:40 CET.
Flavor | Version | Tinstall | Tcheck | Ttotal | Status | Flags |
---|---|---|---|---|---|---|
r-devel-linux-x86_64-debian-clang | 1.6-0 | 2.91 | 17.20 | 20.11 | OK | |
r-devel-linux-x86_64-debian-gcc | 1.6-0 | 2.02 | 14.73 | 16.75 | OK | |
r-devel-linux-x86_64-fedora-clang | 1.6-0 | 40.86 | OK | |||
r-devel-linux-x86_64-fedora-gcc | 1.6-0 | 39.54 | OK | |||
r-devel-windows-ix86+x86_64 | 1.6-0 | 6.00 | 50.00 | 56.00 | OK | |
r-devel-windows-ix86+x86_64-gcc8 | 1.6-0 | 13.00 | 51.00 | 64.00 | OK | |
r-patched-linux-x86_64 | 1.6-0 | 2.19 | 16.07 | 18.26 | OK | |
r-patched-solaris-x86 | 1.6-0 | 81.60 | OK | |||
r-release-linux-x86_64 | 1.6-0 | 2.25 | 15.76 | 18.01 | OK | |
r-release-windows-ix86+x86_64 | 1.6-0 | 5.00 | 44.00 | 49.00 | OK | |
r-release-osx-x86_64 | 1.6-0 | NOTE | ||||
r-oldrel-windows-ix86+x86_64 | 1.6-0 | 2.00 | 41.00 | 43.00 | OK | |
r-oldrel-osx-x86_64 | 1.6-0 | NOTE |
Version: 1.6-0
Check: package dependencies
Result: NOTE
Package suggested but not available for checking: ‘Rmpi’
Flavors: r-release-osx-x86_64, r-oldrel-osx-x86_64