CRAN Package Check Results for Package snpStatsWriter

Last updated on 2020-02-15 01:01:40 CET.

Flavor Version Tinstall Tcheck Ttotal Status Flags
r-devel-linux-x86_64-debian-clang 1.5-6 10.08 68.28 78.36 NOTE
r-devel-linux-x86_64-debian-gcc 1.5-6 8.17 54.71 62.88 NOTE
r-devel-linux-x86_64-fedora-clang 1.5-6 97.96 NOTE
r-devel-linux-x86_64-fedora-gcc 1.5-6 97.08 NOTE
r-patched-linux-x86_64 1.5-6 7.24 61.23 68.47 NOTE
r-patched-solaris-x86 1.5-6 135.10 NOTE
r-release-linux-x86_64 1.5-6 8.46 60.42 68.88 NOTE
r-release-osx-x86_64 1.5-6 NOTE
r-oldrel-osx-x86_64 1.5-6 NOTE

Check Details

Version: 1.5-6
Check: dependencies in R code
Result: NOTE
    Packages in Depends field not imported from:
     'colorspace' 'snpStats'
     These packages need to be imported from (in the NAMESPACE file)
     for when this namespace is loaded but not attached.
Flavors: r-devel-linux-x86_64-debian-clang, r-devel-linux-x86_64-debian-gcc, r-devel-linux-x86_64-fedora-clang, r-devel-linux-x86_64-fedora-gcc, r-patched-linux-x86_64, r-patched-solaris-x86, r-release-linux-x86_64, r-release-osx-x86_64, r-oldrel-osx-x86_64

Version: 1.5-6
Check: R code for possible problems
Result: NOTE
    check.args: no visible global function definition for 'is'
    write.sbams: no visible global function definition for 'as'
    write.sbams: no visible global function definition for 'write.table'
    Undefined global functions or variables:
     as is write.table
    Consider adding
     importFrom("methods", "as", "is")
     importFrom("utils", "write.table")
    to your NAMESPACE file (and ensure that your DESCRIPTION Imports field
    contains 'methods').
Flavors: r-devel-linux-x86_64-debian-clang, r-devel-linux-x86_64-debian-gcc, r-devel-linux-x86_64-fedora-clang, r-devel-linux-x86_64-fedora-gcc, r-patched-linux-x86_64, r-patched-solaris-x86, r-release-linux-x86_64, r-release-osx-x86_64, r-oldrel-osx-x86_64

Version: 1.5-6
Check: compiled code
Result: NOTE
    File ‘snpStatsWriter/libs/snpStatsWriter.so’:
     Found no calls to: ‘R_registerRoutines’, ‘R_useDynamicSymbols’
    
    It is good practice to register native routines and to disable symbol
    search.
    
    See ‘Writing portable packages’ in the ‘Writing R Extensions’ manual.
Flavors: r-devel-linux-x86_64-fedora-clang, r-devel-linux-x86_64-fedora-gcc