Last updated on 2020-02-15 01:01:41 CET.
Flavor | Version | Tinstall | Tcheck | Ttotal | Status | Flags |
---|---|---|---|---|---|---|
r-devel-linux-x86_64-debian-clang | 1.6.2 | 14.70 | 285.25 | 299.95 | OK | |
r-devel-linux-x86_64-debian-gcc | 1.6.2 | 11.59 | 202.06 | 213.65 | OK | |
r-devel-linux-x86_64-fedora-clang | 1.6.2 | 353.13 | NOTE | |||
r-devel-linux-x86_64-fedora-gcc | 1.6.2 | 341.17 | OK | |||
r-devel-windows-ix86+x86_64 | 1.6.2 | 26.00 | 304.00 | 330.00 | NOTE | |
r-devel-windows-ix86+x86_64-gcc8 | 1.6.1 | 33.00 | 274.00 | 307.00 | NOTE | |
r-patched-linux-x86_64 | 1.6.2 | 12.03 | 263.12 | 275.15 | OK | |
r-patched-solaris-x86 | 1.6.2 | 505.40 | NOTE | |||
r-release-linux-x86_64 | 1.6.2 | 12.25 | 263.37 | 275.62 | OK | |
r-release-windows-ix86+x86_64 | 1.6.2 | 19.00 | 274.00 | 293.00 | NOTE | |
r-release-osx-x86_64 | 1.6.2 | NOTE | ||||
r-oldrel-windows-ix86+x86_64 | 1.6.2 | 24.00 | 393.00 | 417.00 | NOTE | |
r-oldrel-osx-x86_64 | 1.6.2 | NOTE |
Version: 1.6.2
Check: installed package size
Result: NOTE
installed size is 5.3Mb
sub-directories of 1Mb or more:
doc 4.0Mb
Flavors: r-devel-linux-x86_64-fedora-clang, r-devel-windows-ix86+x86_64, r-patched-solaris-x86, r-release-windows-ix86+x86_64, r-release-osx-x86_64, r-oldrel-windows-ix86+x86_64, r-oldrel-osx-x86_64
Version: 1.6.1
Check: installed package size
Result: NOTE
installed size is 5.2Mb
sub-directories of 1Mb or more:
doc 4.0Mb
Flavor: r-devel-windows-ix86+x86_64-gcc8