Last updated on 2020-02-15 01:01:41 CET.
Flavor | Version | Tinstall | Tcheck | Ttotal | Status | Flags |
---|---|---|---|---|---|---|
r-devel-linux-x86_64-debian-clang | 0.19.0 | 15.00 | 105.03 | 120.03 | OK | |
r-devel-linux-x86_64-debian-gcc | 0.19.0 | 11.15 | 79.55 | 90.70 | OK | |
r-devel-linux-x86_64-fedora-clang | 0.19.0 | 143.80 | NOTE | |||
r-devel-linux-x86_64-fedora-gcc | 0.19.0 | 140.82 | NOTE | |||
r-devel-windows-ix86+x86_64 | 0.19.0 | 24.00 | 111.00 | 135.00 | OK | |
r-devel-windows-ix86+x86_64-gcc8 | 0.19.0 | 34.00 | 111.00 | 145.00 | OK | |
r-patched-linux-x86_64 | 0.19.0 | 12.51 | 95.74 | 108.25 | OK | |
r-patched-solaris-x86 | 0.19.0 | 186.60 | NOTE | |||
r-release-linux-x86_64 | 0.19.0 | 11.52 | 95.67 | 107.19 | OK | |
r-release-windows-ix86+x86_64 | 0.19.0 | 17.00 | 107.00 | 124.00 | OK | |
r-release-osx-x86_64 | 0.19.0 | NOTE | ||||
r-oldrel-windows-ix86+x86_64 | 0.19.0 | 15.00 | 105.00 | 120.00 | OK | |
r-oldrel-osx-x86_64 | 0.19.0 | NOTE |
Version: 0.19.0
Check: package dependencies
Result: NOTE
Imports includes 25 non-default packages.
Importing from so many packages makes the package vulnerable to any of
them becoming unavailable. Move as many as possible to Suggests and
use conditionally.
Flavor: r-devel-linux-x86_64-fedora-clang
Version: 0.19.0
Check: dependencies in R code
Result: NOTE
Namespace in Imports field not imported from: ‘foreach’
All declared Imports should be used.
Flavors: r-devel-linux-x86_64-fedora-clang, r-devel-linux-x86_64-fedora-gcc, r-patched-solaris-x86, r-release-osx-x86_64, r-oldrel-osx-x86_64