CRAN Package Check Results for Package spm

Last updated on 2020-02-15 01:01:41 CET.

Flavor Version Tinstall Tcheck Ttotal Status Flags
r-devel-linux-x86_64-debian-clang 1.2.0 7.48 37.19 44.67 OK
r-devel-linux-x86_64-debian-gcc 1.2.0 6.53 29.46 35.99 OK
r-devel-linux-x86_64-fedora-clang 1.2.0 55.74 NOTE
r-devel-linux-x86_64-fedora-gcc 1.2.0 53.65 NOTE
r-devel-windows-ix86+x86_64 1.2.0 15.00 51.00 66.00 OK
r-devel-windows-ix86+x86_64-gcc8 1.2.0 18.00 47.00 65.00 OK
r-patched-linux-x86_64 1.2.0 6.99 33.79 40.78 OK
r-patched-solaris-x86 1.2.0 73.60 NOTE
r-release-linux-x86_64 1.2.0 6.52 34.13 40.65 OK
r-release-windows-ix86+x86_64 1.2.0 10.00 52.00 62.00 OK
r-release-osx-x86_64 1.2.0 NOTE
r-oldrel-windows-ix86+x86_64 1.2.0 8.00 51.00 59.00 OK
r-oldrel-osx-x86_64 1.2.0 NOTE

Check Details

Version: 1.2.0
Check: dependencies in R code
Result: NOTE
    Namespace in Imports field not imported from: ‘biomod2’
     All declared Imports should be used.
Flavors: r-devel-linux-x86_64-fedora-clang, r-devel-linux-x86_64-fedora-gcc, r-patched-solaris-x86, r-release-osx-x86_64, r-oldrel-osx-x86_64