Last updated on 2020-02-15 01:01:41 CET.
Flavor | Version | Tinstall | Tcheck | Ttotal | Status | Flags |
---|---|---|---|---|---|---|
r-devel-linux-x86_64-debian-clang | 2019.8.5 | 22.17 | 59.91 | 82.08 | OK | |
r-devel-linux-x86_64-debian-gcc | 2019.8.5 | 16.17 | 42.75 | 58.92 | OK | |
r-devel-linux-x86_64-fedora-clang | 2019.8.5 | 98.07 | NOTE | |||
r-devel-linux-x86_64-fedora-gcc | 2019.8.5 | 93.16 | NOTE | |||
r-devel-windows-ix86+x86_64 | 2019.8.5 | 49.00 | 95.00 | 144.00 | OK | |
r-devel-windows-ix86+x86_64-gcc8 | 2019.8.5 | 63.00 | 100.00 | 163.00 | OK | |
r-patched-linux-x86_64 | 2019.8.5 | 17.84 | 51.32 | 69.16 | OK | |
r-patched-solaris-x86 | 2019.8.5 | 119.60 | NOTE | |||
r-release-linux-x86_64 | 2019.8.5 | 17.29 | 51.81 | 69.10 | OK | |
r-release-windows-ix86+x86_64 | 2019.8.5 | 39.00 | 97.00 | 136.00 | OK | |
r-release-osx-x86_64 | 2019.8.5 | NOTE | ||||
r-oldrel-windows-ix86+x86_64 | 2019.8.5 | 35.00 | 91.00 | 126.00 | OK | |
r-oldrel-osx-x86_64 | 2019.8.5 | NOTE |
Version: 2019.8.5
Check: dependencies in R code
Result: NOTE
Namespace in Imports field not imported from: ‘RcppProgress’
All declared Imports should be used.
Flavors: r-devel-linux-x86_64-fedora-clang, r-devel-linux-x86_64-fedora-gcc, r-patched-solaris-x86, r-release-osx-x86_64, r-oldrel-osx-x86_64