Last updated on 2020-02-15 01:01:41 CET.
Flavor | Version | Tinstall | Tcheck | Ttotal | Status | Flags |
---|---|---|---|---|---|---|
r-devel-linux-x86_64-debian-clang | 1.2 | 4.68 | 37.25 | 41.93 | NOTE | |
r-devel-linux-x86_64-debian-gcc | 1.2 | 2.85 | 30.09 | 32.94 | NOTE | |
r-devel-linux-x86_64-fedora-clang | 1.2 | 51.76 | NOTE | |||
r-devel-linux-x86_64-fedora-gcc | 1.2 | 50.17 | NOTE | |||
r-devel-windows-ix86+x86_64 | 1.2 | 10.00 | 61.00 | 71.00 | NOTE | |
r-devel-windows-ix86+x86_64-gcc8 | 1.2 | 23.00 | 59.00 | 82.00 | NOTE | |
r-patched-linux-x86_64 | 1.2 | 3.75 | 34.16 | 37.91 | NOTE | |
r-patched-solaris-x86 | 1.2 | 76.90 | NOTE | |||
r-release-linux-x86_64 | 1.2 | 3.79 | 34.06 | 37.85 | NOTE | |
r-release-windows-ix86+x86_64 | 1.2 | 11.00 | 55.00 | 66.00 | NOTE | |
r-release-osx-x86_64 | 1.2 | NOTE | ||||
r-oldrel-windows-ix86+x86_64 | 1.2 | 5.00 | 56.00 | 61.00 | NOTE | |
r-oldrel-osx-x86_64 | 1.2 | NOTE |
Version: 1.2
Check: DESCRIPTION meta-information
Result: NOTE
Malformed Title field: should not end in a period.
Flavors: r-devel-linux-x86_64-debian-clang, r-devel-linux-x86_64-debian-gcc, r-devel-linux-x86_64-fedora-clang, r-devel-linux-x86_64-fedora-gcc, r-devel-windows-ix86+x86_64, r-devel-windows-ix86+x86_64-gcc8, r-patched-linux-x86_64, r-patched-solaris-x86, r-release-linux-x86_64, r-release-windows-ix86+x86_64, r-release-osx-x86_64, r-oldrel-windows-ix86+x86_64, r-oldrel-osx-x86_64
Version: 1.2
Check: dependencies in R code
Result: NOTE
'library' or 'require' calls in package code:
'RJDBC' 'RMySQL' 'RODBC' 'RPostgreSQL' 'RSQLite' 'tcltk'
Please use :: or requireNamespace() instead.
See section 'Suggested packages' in the 'Writing R Extensions' manual.
Flavors: r-devel-linux-x86_64-debian-clang, r-devel-linux-x86_64-debian-gcc, r-devel-linux-x86_64-fedora-clang, r-devel-linux-x86_64-fedora-gcc, r-devel-windows-ix86+x86_64, r-devel-windows-ix86+x86_64-gcc8, r-patched-linux-x86_64, r-patched-solaris-x86, r-release-linux-x86_64, r-release-windows-ix86+x86_64, r-release-osx-x86_64, r-oldrel-windows-ix86+x86_64, r-oldrel-osx-x86_64
Version: 1.2
Check: R code for possible problems
Result: NOTE
cacheQuery: no visible global function definition for 'read.csv'
cacheQuery: no visible global function definition for 'write.csv'
Undefined global functions or variables:
read.csv write.csv
Consider adding
importFrom("utils", "read.csv", "write.csv")
to your NAMESPACE file.
Flavors: r-devel-linux-x86_64-debian-clang, r-devel-linux-x86_64-debian-gcc, r-devel-linux-x86_64-fedora-clang, r-devel-linux-x86_64-fedora-gcc, r-devel-windows-ix86+x86_64, r-devel-windows-ix86+x86_64-gcc8, r-patched-linux-x86_64, r-patched-solaris-x86, r-release-linux-x86_64, r-release-windows-ix86+x86_64, r-release-osx-x86_64, r-oldrel-windows-ix86+x86_64, r-oldrel-osx-x86_64