CRAN Package Check Results for Package stats19

Last updated on 2020-02-15 01:01:42 CET.

Flavor Version Tinstall Tcheck Ttotal Status Flags
r-devel-linux-x86_64-debian-clang 1.1.0 3.19 113.64 116.83 WARN
r-devel-linux-x86_64-debian-gcc 1.1.0 2.45 91.65 94.10 OK
r-devel-linux-x86_64-fedora-clang 1.1.0 140.27 OK
r-devel-linux-x86_64-fedora-gcc 1.1.0 142.48 OK
r-devel-windows-ix86+x86_64 1.1.0 8.00 188.00 196.00 OK
r-devel-windows-ix86+x86_64-gcc8 1.1.0 10.00 193.00 203.00 OK
r-patched-linux-x86_64 1.1.0 2.64 110.35 112.99 OK
r-patched-solaris-x86 1.1.0 308.60 OK
r-release-linux-x86_64 1.1.0 2.48 110.50 112.98 OK
r-release-windows-ix86+x86_64 1.1.0 6.00 161.00 167.00 OK
r-release-osx-x86_64 1.1.0 OK
r-oldrel-windows-ix86+x86_64 1.1.0 5.00 176.00 181.00 OK
r-oldrel-osx-x86_64 1.1.0 OK

Check Details

Version: 1.1.0
Check: re-building of vignette outputs
Result: WARN
    Error(s) in re-building vignettes:
     ...
    --- re-building 'blog.Rmd' using rmarkdown
    Files identified: dftRoadSafetyData_Accidents_2017.zip
    
     http://data.dft.gov.uk.s3.amazonaws.com/road-accidents-safety-data/dftRoadSafetyData_Accidents_2017.zip
    Attempt downloading from:
    trying URL 'http://data.dft.gov.uk.s3.amazonaws.com/road-accidents-safety-data/dftRoadSafetyData_Accidents_2017.zip'
    Content type 'application/x-zip-compressed' length 3997883 bytes (3.8 MB)
    ==================================================
    downloaded 3.8 MB
    
    Data saved at /tmp/RtmpysfMw3/dftRoadSafetyData_Accidents_2017/Acc.csv
    Reading in:
    /tmp/RtmpysfMw3/dftRoadSafetyData_Accidents_2017/Acc.csv
    Linking to GEOS 3.8.0, GDAL 3.0.4, PROJ 6.3.0
    
    Attaching package: 'dplyr'
    
    The following objects are masked from 'package:stats':
    
     filter, lag
    
    The following objects are masked from 'package:base':
    
     intersect, setdiff, setequal, union
    
    Files identified: dftRoadSafetyData_Casualties_2017.zip
    
     http://data.dft.gov.uk.s3.amazonaws.com/road-accidents-safety-data/dftRoadSafetyData_Casualties_2017.zip
    Attempt downloading from:
    trying URL 'http://data.dft.gov.uk.s3.amazonaws.com/road-accidents-safety-data/dftRoadSafetyData_Casualties_2017.zip'
    Content type 'application/x-zip-compressed' length 1169376 bytes (1.1 MB)
    ==================================================
    downloaded 1.1 MB
    
    Data saved at /tmp/RtmpysfMw3/dftRoadSafetyData_Casualties_2017/Cas.csv
    Files identified: dftRoadSafetyData_Vehicles_2017.zip
    
     http://data.dft.gov.uk.s3.amazonaws.com/road-accidents-safety-data/dftRoadSafetyData_Vehicles_2017.zip
    Attempt downloading from:
    trying URL 'http://data.dft.gov.uk.s3.amazonaws.com/road-accidents-safety-data/dftRoadSafetyData_Vehicles_2017.zip'
    Content type 'application/x-zip-compressed' length 2584589 bytes (2.5 MB)
    ==================================================
    downloaded 2.5 MB
    
    Data saved at /tmp/RtmpysfMw3/dftRoadSafetyData_Vehicles_2017/Veh.csv
    Joining, by = "accident_index"
    Error: processing vignette 'blog.Rmd' failed with diagnostics:
    invalid multibyte string, element 1
    --- failed re-building 'blog.Rmd'
    
    --- re-building 'stats19-training-setup.Rmd' using rmarkdown
    --- finished re-building 'stats19-training-setup.Rmd'
    
    --- re-building 'stats19-training.Rmd' using rmarkdown
    --- finished re-building 'stats19-training.Rmd'
    
    --- re-building 'stats19-vehicles.Rmd' using rmarkdown
    Data provided under OGL v3.0. Cite the source and link to:
    www.nationalarchives.gov.uk/doc/open-government-licence/version/3/
    
    Attaching package: 'dplyr'
    
    The following objects are masked from 'package:stats':
    
     filter, lag
    
    The following objects are masked from 'package:base':
    
     intersect, setdiff, setequal, union
    
    trying URL 'http://data.dft.gov.uk.s3.amazonaws.com/road-accidents-safety-data/dftRoadSafetyData_Vehicles_2017.zip'
    Content type 'application/x-zip-compressed' length 2584589 bytes (2.5 MB)
    ==================================================
    downloaded 2.5 MB
    
    trying URL 'http://data.dft.gov.uk.s3.amazonaws.com/road-accidents-safety-data/dftRoadSafetyData_Accidents_2017.zip'
    Content type 'application/x-zip-compressed' length 3997883 bytes (3.8 MB)
    ==================================================
    downloaded 3.8 MB
    
    --- finished re-building 'stats19-vehicles.Rmd'
    
    --- re-building 'stats19.Rmd' using rmarkdown
    trying URL 'http://data.dft.gov.uk.s3.amazonaws.com/road-accidents-safety-data/dftRoadSafetyData_Accidents_2017.zip'
    Content type 'application/x-zip-compressed' length 3997883 bytes (3.8 MB)
    ==================================================
    downloaded 3.8 MB
    
    trying URL 'http://data.dft.gov.uk.s3.amazonaws.com/road-accidents-safety-data/dftRoadSafetyData_Vehicles_2017.zip'
    Content type 'application/x-zip-compressed' length 2584589 bytes (2.5 MB)
    ==================================================
    downloaded 2.5 MB
    
    trying URL 'http://data.dft.gov.uk.s3.amazonaws.com/road-accidents-safety-data/dftRoadSafetyData_Casualties_2017.zip'
    Content type 'application/x-zip-compressed' length 1169376 bytes (1.1 MB)
    ==================================================
    downloaded 1.1 MB
    
    Joining, by = "accident_index"
    --- finished re-building 'stats19.Rmd'
    
    SUMMARY: processing the following file failed:
     'blog.Rmd'
    
    Error: Vignette re-building failed.
    Execution halted
Flavor: r-devel-linux-x86_64-debian-clang