Last updated on 2020-02-15 01:01:42 CET.
Flavor | Version | Tinstall | Tcheck | Ttotal | Status | Flags |
---|---|---|---|---|---|---|
r-devel-linux-x86_64-debian-clang | 1.7.7 | 223.78 | 421.08 | 644.86 | OK | |
r-devel-linux-x86_64-debian-gcc | 1.7.7 | 153.09 | 322.91 | 476.00 | OK | |
r-devel-linux-x86_64-fedora-clang | 1.7.7 | 799.53 | NOTE | |||
r-devel-linux-x86_64-fedora-gcc | 1.7.7 | 787.42 | NOTE | |||
r-devel-windows-ix86+x86_64 | 1.7.7 | 374.00 | 425.00 | 799.00 | OK | |
r-devel-windows-ix86+x86_64-gcc8 | 1.7.7 | 526.00 | 419.00 | 945.00 | NOTE | |
r-patched-linux-x86_64 | 1.7.7 | 168.13 | 391.74 | 559.87 | OK | |
r-patched-solaris-x86 | 1.7.7 | 909.50 | NOTE | |||
r-release-linux-x86_64 | 1.7.7 | 163.61 | 386.25 | 549.86 | OK | |
r-release-windows-ix86+x86_64 | 1.7.7 | 347.00 | 424.00 | 771.00 | OK | |
r-release-osx-x86_64 | 1.7.7 | NOTE | ||||
r-oldrel-windows-ix86+x86_64 | 1.7.7 | 300.00 | 538.00 | 838.00 | OK | |
r-oldrel-osx-x86_64 | 1.7.7 | NOTE |
Version: 1.7.7
Check: installed package size
Result: NOTE
installed size is 9.4Mb
sub-directories of 1Mb or more:
libs 6.9Mb
Flavors: r-devel-linux-x86_64-fedora-clang, r-devel-windows-ix86+x86_64-gcc8, r-release-osx-x86_64, r-oldrel-osx-x86_64
Version: 1.7.7
Check: dependencies in R code
Result: NOTE
Namespace in Imports field not imported from: ‘knitcitations’
All declared Imports should be used.
Flavors: r-devel-linux-x86_64-fedora-clang, r-devel-linux-x86_64-fedora-gcc, r-patched-solaris-x86, r-release-osx-x86_64, r-oldrel-osx-x86_64