Last updated on 2020-02-15 01:01:42 CET.
Flavor | Version | Tinstall | Tcheck | Ttotal | Status | Flags |
---|---|---|---|---|---|---|
r-devel-linux-x86_64-debian-clang | 2.0-3 | 21.20 | 147.55 | 168.75 | OK | |
r-devel-linux-x86_64-debian-gcc | 2.0-3 | 17.76 | 113.25 | 131.01 | OK | |
r-devel-linux-x86_64-fedora-clang | 2.0-3 | 204.37 | OK | |||
r-devel-linux-x86_64-fedora-gcc | 2.0-3 | 202.89 | OK | |||
r-devel-windows-ix86+x86_64 | 2.0-3 | 44.00 | 177.00 | 221.00 | OK | |
r-devel-windows-ix86+x86_64-gcc8 | 2.0-3 | 63.00 | 174.00 | 237.00 | OK | |
r-patched-linux-x86_64 | 2.0-3 | 19.50 | 131.81 | 151.31 | OK | |
r-patched-solaris-x86 | 2.0-3 | 329.50 | OK | |||
r-release-linux-x86_64 | 2.0-3 | 18.44 | 134.02 | 152.46 | OK | |
r-release-windows-ix86+x86_64 | 2.0-3 | 35.00 | 173.00 | 208.00 | OK | |
r-release-osx-x86_64 | 2.0-3 | ERROR | ||||
r-oldrel-windows-ix86+x86_64 | 2.0-3 | 31.00 | 181.00 | 212.00 | OK | |
r-oldrel-osx-x86_64 | 2.0-3 | ERROR |
Version: 2.0-3
Check: package dependencies
Result: ERROR
Package required but not available: ‘rpanel’
See section ‘The DESCRIPTION file’ in the ‘Writing R Extensions’
manual.
Flavors: r-release-osx-x86_64, r-oldrel-osx-x86_64