Last updated on 2020-02-15 01:01:42 CET.
Flavor | Version | Tinstall | Tcheck | Ttotal | Status | Flags |
---|---|---|---|---|---|---|
r-devel-linux-x86_64-debian-clang | 0.1.0 | 3.70 | 38.28 | 41.98 | OK | |
r-devel-linux-x86_64-debian-gcc | 0.1.0 | 2.85 | 29.17 | 32.02 | OK | |
r-devel-linux-x86_64-fedora-clang | 0.1.0 | 52.10 | NOTE | |||
r-devel-linux-x86_64-fedora-gcc | 0.1.0 | 50.06 | NOTE | |||
r-devel-windows-ix86+x86_64 | 0.1.0 | 13.00 | 49.00 | 62.00 | OK | |
r-devel-windows-ix86+x86_64-gcc8 | 0.1.0 | 15.00 | 53.00 | 68.00 | OK | |
r-patched-linux-x86_64 | 0.1.0 | 3.04 | 33.71 | 36.75 | OK | |
r-patched-solaris-x86 | 0.1.0 | 71.20 | NOTE | |||
r-release-linux-x86_64 | 0.1.0 | 3.12 | 34.57 | 37.69 | OK | |
r-release-windows-ix86+x86_64 | 0.1.0 | 11.00 | 54.00 | 65.00 | OK | |
r-release-osx-x86_64 | 0.1.0 | NOTE | ||||
r-oldrel-windows-ix86+x86_64 | 0.1.0 | 6.00 | 53.00 | 59.00 | OK | |
r-oldrel-osx-x86_64 | 0.1.0 | NOTE |
Version: 0.1.0
Check: dependencies in R code
Result: NOTE
Namespace in Imports field not imported from: ‘ks’
All declared Imports should be used.
Flavors: r-devel-linux-x86_64-fedora-clang, r-devel-linux-x86_64-fedora-gcc, r-patched-solaris-x86, r-release-osx-x86_64, r-oldrel-osx-x86_64