CRAN Package Check Results for Package stsm

Last updated on 2020-02-15 01:01:42 CET.

Flavor Version Tinstall Tcheck Ttotal Status Flags
r-devel-linux-x86_64-debian-clang 1.9 13.33 54.24 67.57 OK
r-devel-linux-x86_64-debian-gcc 1.9 9.51 41.62 51.13 OK
r-devel-linux-x86_64-fedora-clang 1.9 84.55 NOTE
r-devel-linux-x86_64-fedora-gcc 1.9 81.06 NOTE
r-devel-windows-ix86+x86_64 1.9 24.00 85.00 109.00 OK
r-devel-windows-ix86+x86_64-gcc8 1.9 36.00 81.00 117.00 OK
r-patched-linux-x86_64 1.9 10.51 49.61 60.12 OK
r-patched-solaris-x86 1.9 112.50 OK
r-release-linux-x86_64 1.9 9.42 49.06 58.48 OK
r-release-windows-ix86+x86_64 1.9 22.00 87.00 109.00 OK
r-release-osx-x86_64 1.9 OK
r-oldrel-windows-ix86+x86_64 1.9 17.00 123.00 140.00 OK
r-oldrel-osx-x86_64 1.9 OK

Check Details

Version: 1.9
Check: compiled code
Result: NOTE
    File ‘stsm/libs/stsm.so’:
     Found no calls to: ‘R_registerRoutines’, ‘R_useDynamicSymbols’
    
    It is good practice to register native routines and to disable symbol
    search.
    
    See ‘Writing portable packages’ in the ‘Writing R Extensions’ manual.
Flavors: r-devel-linux-x86_64-fedora-clang, r-devel-linux-x86_64-fedora-gcc