Last updated on 2020-02-15 01:01:43 CET.
Flavor | Version | Tinstall | Tcheck | Ttotal | Status | Flags |
---|---|---|---|---|---|---|
r-devel-linux-x86_64-debian-clang | 0.2.2 | 6.16 | 149.45 | 155.61 | OK | |
r-devel-linux-x86_64-debian-gcc | 0.2.2 | 5.38 | 111.40 | 116.78 | OK | |
r-devel-linux-x86_64-fedora-clang | 0.2.2 | 186.95 | NOTE | |||
r-devel-linux-x86_64-fedora-gcc | 0.2.2 | 183.18 | NOTE | |||
r-devel-windows-ix86+x86_64 | 0.2.2 | 18.00 | 165.00 | 183.00 | OK | |
r-devel-windows-ix86+x86_64-gcc8 | 0.2.2 | 25.00 | 171.00 | 196.00 | OK | |
r-patched-linux-x86_64 | 0.2.2 | 5.10 | 135.55 | 140.65 | OK | |
r-patched-solaris-x86 | 0.2.2 | 256.60 | NOTE | |||
r-release-linux-x86_64 | 0.2.2 | 5.62 | 136.66 | 142.28 | OK | |
r-release-windows-ix86+x86_64 | 0.2.2 | 13.00 | 164.00 | 177.00 | OK | |
r-release-osx-x86_64 | 0.2.2 | NOTE | ||||
r-oldrel-windows-ix86+x86_64 | 0.2.2 | 7.00 | 158.00 | 165.00 | OK | |
r-oldrel-osx-x86_64 | 0.2.2 | NOTE |
Version: 0.2.2
Check: dependencies in R code
Result: NOTE
Namespaces in Imports field not imported from:
‘lazyeval’ ‘lubridate’ ‘tidyr’
All declared Imports should be used.
Flavors: r-devel-linux-x86_64-fedora-clang, r-devel-linux-x86_64-fedora-gcc, r-patched-solaris-x86, r-release-osx-x86_64, r-oldrel-osx-x86_64