Last updated on 2020-02-15 01:01:43 CET.
Flavor | Version | Tinstall | Tcheck | Ttotal | Status | Flags |
---|---|---|---|---|---|---|
r-devel-linux-x86_64-debian-clang | 3.3 | 2.62 | 22.87 | 25.49 | OK | |
r-devel-linux-x86_64-debian-gcc | 3.3 | 1.85 | 18.19 | 20.04 | OK | |
r-devel-linux-x86_64-fedora-clang | 3.3 | 32.01 | OK | |||
r-devel-linux-x86_64-fedora-gcc | 3.3 | 30.99 | OK | |||
r-devel-windows-ix86+x86_64 | 3.3 | 12.00 | 65.00 | 77.00 | NOTE | |
r-devel-windows-ix86+x86_64-gcc8 | 3.3 | 18.00 | 66.00 | 84.00 | NOTE | |
r-patched-linux-x86_64 | 3.3 | 1.87 | 21.10 | 22.97 | OK | |
r-patched-solaris-x86 | 3.3 | 49.40 | OK | |||
r-release-linux-x86_64 | 3.3 | 1.80 | 21.20 | 23.00 | OK | |
r-release-windows-ix86+x86_64 | 3.3 | 10.00 | 65.00 | 75.00 | NOTE | |
r-release-osx-x86_64 | 3.3 | OK | ||||
r-oldrel-windows-ix86+x86_64 | 3.3 | 9.00 | 80.00 | 89.00 | NOTE | |
r-oldrel-osx-x86_64 | 3.3 | OK |
Version: 3.3
Check: package dependencies
Result: NOTE
Package suggested but not available for checking: 'unix'
Flavors: r-devel-windows-ix86+x86_64, r-devel-windows-ix86+x86_64-gcc8, r-release-windows-ix86+x86_64, r-oldrel-windows-ix86+x86_64