Last updated on 2020-02-15 01:01:43 CET.
Flavor | Version | Tinstall | Tcheck | Ttotal | Status | Flags |
---|---|---|---|---|---|---|
r-devel-linux-x86_64-debian-clang | 1.0.4 | 7.67 | 61.43 | 69.10 | NOTE | |
r-devel-linux-x86_64-debian-gcc | 1.0.4 | 6.16 | 46.09 | 52.25 | NOTE | |
r-devel-linux-x86_64-fedora-clang | 1.0.4 | 80.34 | NOTE | |||
r-devel-linux-x86_64-fedora-gcc | 1.0.4 | 77.69 | NOTE | |||
r-devel-windows-ix86+x86_64 | 1.0.4 | 17.00 | 77.00 | 94.00 | OK | |
r-devel-windows-ix86+x86_64-gcc8 | 1.0.4 | 22.00 | 77.00 | 99.00 | OK | |
r-patched-linux-x86_64 | 1.0.4 | 6.65 | 54.50 | 61.15 | OK | |
r-patched-solaris-x86 | 1.0.4 | 112.40 | OK | |||
r-release-linux-x86_64 | 1.0.4 | 6.71 | 55.14 | 61.85 | OK | |
r-release-windows-ix86+x86_64 | 1.0.4 | 14.00 | 73.00 | 87.00 | OK | |
r-release-osx-x86_64 | 1.0.4 | OK | ||||
r-oldrel-windows-ix86+x86_64 | 1.0.4 | 9.00 | 71.00 | 80.00 | OK | |
r-oldrel-osx-x86_64 | 1.0.4 | OK |
Version: 1.0.4
Check: for non-standard things in the check directory
Result: NOTE
Found the following files/directories:
'test.csv'
Flavors: r-devel-linux-x86_64-debian-clang, r-devel-linux-x86_64-debian-gcc, r-devel-linux-x86_64-fedora-clang, r-devel-linux-x86_64-fedora-gcc