CRAN Package Check Results for Package tableHTML

Last updated on 2020-02-15 01:01:43 CET.

Flavor Version Tinstall Tcheck Ttotal Status Flags
r-devel-linux-x86_64-debian-clang 2.0.0 5.49 55.92 61.41 NOTE
r-devel-linux-x86_64-debian-gcc 2.0.0 4.18 42.87 47.05 NOTE
r-devel-linux-x86_64-fedora-clang 2.0.0 74.62 NOTE
r-devel-linux-x86_64-fedora-gcc 2.0.0 72.05 NOTE
r-devel-windows-ix86+x86_64 2.0.0 12.00 76.00 88.00 NOTE
r-devel-windows-ix86+x86_64-gcc8 2.0.0 23.00 75.00 98.00 NOTE
r-patched-linux-x86_64 2.0.0 4.70 52.04 56.74 OK
r-patched-solaris-x86 2.0.0 95.30 NOTE
r-release-linux-x86_64 2.0.0 4.31 52.47 56.78 OK
r-release-windows-ix86+x86_64 2.0.0 10.00 76.00 86.00 NOTE
r-release-osx-x86_64 2.0.0 NOTE
r-oldrel-windows-ix86+x86_64 2.0.0 7.00 76.00 83.00 NOTE
r-oldrel-osx-x86_64 2.0.0 NOTE

Check Details

Version: 2.0.0
Check: for non-standard things in the check directory
Result: NOTE
    Found the following files/directories:
     'myhtmlcode.html'
Flavors: r-devel-linux-x86_64-debian-clang, r-devel-linux-x86_64-debian-gcc, r-devel-linux-x86_64-fedora-clang, r-devel-linux-x86_64-fedora-gcc

Version: 2.0.0
Check: installed package size
Result: NOTE
     installed size is 6.0Mb
     sub-directories of 1Mb or more:
     doc 5.8Mb
Flavors: r-devel-linux-x86_64-fedora-clang, r-devel-windows-ix86+x86_64, r-devel-windows-ix86+x86_64-gcc8, r-patched-solaris-x86, r-release-windows-ix86+x86_64, r-release-osx-x86_64, r-oldrel-windows-ix86+x86_64, r-oldrel-osx-x86_64

Version: 2.0.0
Check: dependencies in R code
Result: NOTE
    Namespace in Imports field not imported from: ‘shiny’
     All declared Imports should be used.
Flavors: r-devel-linux-x86_64-fedora-clang, r-devel-linux-x86_64-fedora-gcc, r-patched-solaris-x86, r-release-osx-x86_64, r-oldrel-osx-x86_64