Last updated on 2020-02-15 01:01:43 CET.
Flavor | Version | Tinstall | Tcheck | Ttotal | Status | Flags |
---|---|---|---|---|---|---|
r-devel-linux-x86_64-debian-clang | 1.0 | 21.89 | 36.71 | 58.60 | OK | |
r-devel-linux-x86_64-debian-gcc | 1.0 | 13.77 | 29.25 | 43.02 | OK | |
r-devel-linux-x86_64-fedora-clang | 1.0 | 73.28 | NOTE | |||
r-devel-linux-x86_64-fedora-gcc | 1.0 | 69.37 | NOTE | |||
r-devel-windows-ix86+x86_64 | 1.0 | 46.00 | 80.00 | 126.00 | OK | |
r-devel-windows-ix86+x86_64-gcc8 | 1.0 | 61.00 | 82.00 | 143.00 | OK | |
r-patched-linux-x86_64 | 1.0 | 13.05 | 32.28 | 45.33 | OK | |
r-patched-solaris-x86 | 1.0 | 85.20 | OK | |||
r-release-linux-x86_64 | 1.0 | 14.19 | 33.06 | 47.25 | OK | |
r-release-windows-ix86+x86_64 | 1.0 | 40.00 | 73.00 | 113.00 | OK | |
r-release-osx-x86_64 | 1.0 | OK | ||||
r-oldrel-windows-ix86+x86_64 | 1.0 | 35.00 | 110.00 | 145.00 | OK | |
r-oldrel-osx-x86_64 | 1.0 | OK |
Version: 1.0
Check: compiled code
Result: NOTE
File ‘tbart/libs/tbart.so’:
Found no calls to: ‘R_registerRoutines’, ‘R_useDynamicSymbols’
It is good practice to register native routines and to disable symbol
search.
See ‘Writing portable packages’ in the ‘Writing R Extensions’ manual.
Flavors: r-devel-linux-x86_64-fedora-clang, r-devel-linux-x86_64-fedora-gcc