CRAN Package Check Results for Package textTinyR

Last updated on 2020-02-15 01:01:43 CET.

Flavor Version Tinstall Tcheck Ttotal Status Flags
r-devel-linux-x86_64-debian-clang 1.1.3 128.71 135.31 264.02 OK
r-devel-linux-x86_64-debian-gcc 1.1.3 99.75 110.46 210.21 OK
r-devel-linux-x86_64-fedora-clang 1.1.3 354.33 NOTE
r-devel-linux-x86_64-fedora-gcc 1.1.3 357.08 OK
r-devel-windows-ix86+x86_64 1.1.3 224.00 199.00 423.00 OK
r-devel-windows-ix86+x86_64-gcc8 1.1.3 302.00 201.00 503.00 NOTE
r-patched-linux-x86_64 1.1.3 106.98 123.71 230.69 OK
r-patched-solaris-x86 1.1.3 402.10 OK
r-release-linux-x86_64 1.1.3 102.64 124.23 226.87 OK
r-release-windows-ix86+x86_64 1.1.3 217.00 188.00 405.00 OK
r-release-osx-x86_64 1.1.3 NOTE
r-oldrel-windows-ix86+x86_64 1.1.3 198.00 185.00 383.00 OK
r-oldrel-osx-x86_64 1.1.3 NOTE

Check Details

Version: 1.1.3
Check: installed package size
Result: NOTE
     installed size is 16.3Mb
     sub-directories of 1Mb or more:
     libs 14.9Mb
Flavors: r-devel-linux-x86_64-fedora-clang, r-devel-windows-ix86+x86_64-gcc8, r-release-osx-x86_64, r-oldrel-osx-x86_64