CRAN Package Check Results for Package textir

Last updated on 2020-02-15 01:01:43 CET.

Flavor Version Tinstall Tcheck Ttotal Status Flags
r-devel-linux-x86_64-debian-clang 2.0-5 7.26 75.04 82.30 OK
r-devel-linux-x86_64-debian-gcc 2.0-5 6.88 57.79 64.67 OK
r-devel-linux-x86_64-fedora-clang 2.0-5 98.05 OK
r-devel-linux-x86_64-fedora-gcc 2.0-5 97.03 OK
r-devel-windows-ix86+x86_64 2.0-5 14.00 89.00 103.00 OK
r-devel-windows-ix86+x86_64-gcc8 2.0-5 21.00 86.00 107.00 OK
r-patched-linux-x86_64 2.0-5 6.44 65.11 71.55 OK
r-patched-solaris-x86 2.0-5 138.50 OK
r-release-linux-x86_64 2.0-5 6.35 65.14 71.49 OK
r-release-windows-ix86+x86_64 2.0-5 10.00 76.00 86.00 OK
r-release-osx-x86_64 2.0-5 OK
r-oldrel-windows-ix86+x86_64 2.0-5 7.00 118.00 125.00 OK
r-oldrel-osx-x86_64 2.0-5 WARN

Check Details

Version: 2.0-5
Check: examples
Result: WARN
    Found the following significant warnings:
    
     Warning: 'rBind' is deprecated.
    Deprecated functions may be defunct as soon as of the next release of
    R.
    See ?Deprecated.
Flavor: r-oldrel-osx-x86_64