Last updated on 2020-02-15 01:01:43 CET.
Flavor | Version | Tinstall | Tcheck | Ttotal | Status | Flags |
---|---|---|---|---|---|---|
r-devel-linux-x86_64-debian-clang | 0.9.0 | 3.74 | 34.87 | 38.61 | OK | |
r-devel-linux-x86_64-debian-gcc | 0.9.0 | 2.83 | 25.74 | 28.57 | OK | |
r-devel-linux-x86_64-fedora-clang | 0.9.0 | 44.99 | OK | |||
r-devel-linux-x86_64-fedora-gcc | 0.9.0 | 42.98 | OK | |||
r-devel-windows-ix86+x86_64 | 0.9.0 | 11.00 | 49.00 | 60.00 | OK | |
r-devel-windows-ix86+x86_64-gcc8 | 0.9.0 | 16.00 | 48.00 | 64.00 | OK | |
r-patched-linux-x86_64 | 0.9.0 | 2.86 | 30.88 | 33.74 | OK | |
r-patched-solaris-x86 | 0.9.0 | 67.60 | NOTE | |||
r-release-linux-x86_64 | 0.9.0 | 3.11 | 30.15 | 33.26 | OK | |
r-release-windows-ix86+x86_64 | 0.9.0 | 8.00 | 47.00 | 55.00 | OK | |
r-release-osx-x86_64 | 0.9.0 | OK | ||||
r-oldrel-windows-ix86+x86_64 | 0.9.0 | 6.00 | 61.00 | 67.00 | OK | |
r-oldrel-osx-x86_64 | 0.9.0 | OK |
Version: 0.9.0
Check: package dependencies
Result: NOTE
Package suggested but not available for checking: ‘tesseract’
Flavor: r-patched-solaris-x86
Version: 0.9.0
Check: Rd cross-references
Result: NOTE
Package unavailable to check Rd xrefs: ‘tesseract’
Flavor: r-patched-solaris-x86