CRAN Package Check Results for Package theseus

Last updated on 2020-02-15 01:01:43 CET.

Flavor Version Tinstall Tcheck Ttotal Status Flags
r-devel-linux-x86_64-debian-clang 0.1.0 24.34 342.96 367.30 NOTE
r-devel-linux-x86_64-debian-gcc 0.1.0 20.60 253.90 274.50 NOTE
r-devel-linux-x86_64-fedora-clang 0.1.0 290.96 NOTE
r-devel-linux-x86_64-fedora-gcc 0.1.0 437.30 NOTE
r-devel-windows-ix86+x86_64 0.1.0 56.00 329.00 385.00 OK
r-devel-windows-ix86+x86_64-gcc8 0.1.0 47.00 6.00 53.00 ERROR
r-patched-linux-x86_64 0.1.0 20.84 283.57 304.41 NOTE
r-patched-solaris-x86 0.1.0 494.70 NOTE
r-release-linux-x86_64 0.1.0 21.59 282.48 304.07 NOTE
r-release-windows-ix86+x86_64 0.1.0 44.00 288.00 332.00 OK
r-release-osx-x86_64 0.1.0 NOTE
r-oldrel-windows-ix86+x86_64 0.1.0 27.00 290.00 317.00 OK
r-oldrel-osx-x86_64 0.1.0 ERROR

Check Details

Version: 0.1.0
Check: Rd cross-references
Result: NOTE
    Package unavailable to check Rd xrefs: 'dada2'
Flavors: r-devel-linux-x86_64-debian-clang, r-devel-linux-x86_64-debian-gcc, r-devel-linux-x86_64-fedora-clang, r-devel-linux-x86_64-fedora-gcc, r-patched-linux-x86_64, r-patched-solaris-x86, r-release-linux-x86_64, r-release-osx-x86_64

Version: 0.1.0
Check: dependencies in R code
Result: NOTE
    Namespaces in Imports field not imported from:
     ‘gridExtra’ ‘splancs’ ‘tidyverse’
     All declared Imports should be used.
Flavors: r-devel-linux-x86_64-fedora-clang, r-devel-linux-x86_64-fedora-gcc, r-patched-solaris-x86, r-release-osx-x86_64

Version: 0.1.0
Check: whether package can be installed
Result: ERROR
    Installation failed.
Flavor: r-devel-windows-ix86+x86_64-gcc8

Version: 0.1.0
Check: package dependencies
Result: ERROR
    Package required but not available: ‘ShortRead’
    
    See section ‘The DESCRIPTION file’ in the ‘Writing R Extensions’
    manual.
Flavor: r-oldrel-osx-x86_64