Last updated on 2020-02-15 01:01:43 CET.
Flavor | Version | Tinstall | Tcheck | Ttotal | Status | Flags |
---|---|---|---|---|---|---|
r-devel-linux-x86_64-debian-clang | 1.1.2 | 25.45 | 72.13 | 97.58 | OK | |
r-devel-linux-x86_64-debian-gcc | 1.1.2 | 18.40 | 54.60 | 73.00 | OK | |
r-devel-linux-x86_64-fedora-clang | 1.1.2 | 121.80 | OK | |||
r-devel-linux-x86_64-fedora-gcc | 1.1.2 | 121.30 | OK | |||
r-devel-windows-ix86+x86_64 | 1.1.2 | 50.00 | 125.00 | 175.00 | OK | |
r-devel-windows-ix86+x86_64-gcc8 | 1.1.2 | 65.00 | 127.00 | 192.00 | OK | |
r-patched-linux-x86_64 | 1.1.2 | 19.57 | 62.95 | 82.52 | OK | |
r-patched-solaris-x86 | 1.1.2 | 143.70 | OK | |||
r-release-linux-x86_64 | 1.1.2 | 22.25 | 63.41 | 85.66 | OK | |
r-release-windows-ix86+x86_64 | 1.1.2 | 44.00 | 124.00 | 168.00 | OK | |
r-release-osx-x86_64 | 1.1.2 | NOTE | ||||
r-oldrel-windows-ix86+x86_64 | 1.1.2 | 39.00 | 116.00 | 155.00 | OK | |
r-oldrel-osx-x86_64 | 1.1.2 | OK |
Version: 1.1.2
Check: package dependencies
Result: NOTE
Package suggested but not available for checking: ‘graph’
Flavor: r-release-osx-x86_64