CRAN Package Check Results for Package tidyjson

Last updated on 2020-02-15 01:01:43 CET.

Flavor Version Tinstall Tcheck Ttotal Status Flags
r-devel-linux-x86_64-debian-clang 0.2.4 6.91 389.67 396.58 OK
r-devel-linux-x86_64-debian-gcc 0.2.4 5.76 280.45 286.21 OK
r-devel-linux-x86_64-fedora-clang 0.2.4 433.28 OK
r-devel-linux-x86_64-fedora-gcc 0.2.4 452.83 OK
r-devel-windows-ix86+x86_64 0.2.4 16.00 378.00 394.00 OK
r-devel-windows-ix86+x86_64-gcc8 0.2.4 26.00 367.00 393.00 OK
r-patched-linux-x86_64 0.2.4 6.71 330.01 336.72 OK
r-patched-solaris-x86 0.2.4 210.80 WARN
r-release-linux-x86_64 0.2.4 5.60 330.45 336.05 OK
r-release-windows-ix86+x86_64 0.2.4 14.00 356.00 370.00 OK
r-release-osx-x86_64 0.2.4 WARN
r-oldrel-windows-ix86+x86_64 0.2.4 8.00 426.00 434.00 OK
r-oldrel-osx-x86_64 0.2.4 WARN

Check Details

Version: 0.2.4
Check: re-building of vignette outputs
Result: WARN
    Error(s) in re-building vignettes:
     ...
    --- re-building ‘introduction-to-tidyjson.Rmd’ using rmarkdown
    Warning in engine$weave(file, quiet = quiet, encoding = enc) :
     Pandoc (>= 1.12.3) and/or pandoc-citeproc not available. Falling back to R Markdown v1.
    
    Attaching package: 'tidyjson'
    
    The following object is masked from 'package:stats':
    
     filter
    
    
    Attaching package: 'dplyr'
    
    The following object is masked from 'package:tidyjson':
    
     bind_rows
    
    The following objects are masked from 'package:stats':
    
     filter, lag
    
    The following objects are masked from 'package:base':
    
     intersect, setdiff, setequal, union
    
    --- finished re-building ‘introduction-to-tidyjson.Rmd’
    
    --- re-building ‘multiple-apis.Rmd’ using rmarkdown
    Warning in engine$weave(file, quiet = quiet, encoding = enc) :
     Pandoc (>= 1.12.3) and/or pandoc-citeproc not available. Falling back to R Markdown v1.
    
    Attaching package: 'dplyr'
    
    The following objects are masked from 'package:stats':
    
     filter, lag
    
    The following objects are masked from 'package:base':
    
     intersect, setdiff, setequal, union
    
    
    Attaching package: 'tidyjson'
    
    The following object is masked from 'package:jsonlite':
    
     read_json
    
    The following object is masked from 'package:dplyr':
    
     bind_rows
    
    The following object is masked from 'package:stats':
    
     filter
    
    
    Attaching package: 'lubridate'
    
    The following object is masked from 'package:base':
    
     date
    
    Quitting from lines 96-103 (multiple-apis.Rmd)
    Error: processing vignette 'multiple-apis.Rmd' failed with diagnostics:
    Timeout was reached: [citibikenyc.com] Resolving timed out after 10027 milliseconds
    --- failed re-building ‘multiple-apis.Rmd’
    
    --- re-building ‘visualizing-json.Rmd’ using rmarkdown
    Warning in engine$weave(file, quiet = quiet, encoding = enc) :
     Pandoc (>= 1.12.3) and/or pandoc-citeproc not available. Falling back to R Markdown v1.
    
    Attaching package: 'dplyr'
    
    The following objects are masked from 'package:stats':
    
     filter, lag
    
    The following objects are masked from 'package:base':
    
     intersect, setdiff, setequal, union
    
    
    Attaching package: 'purrr'
    
    The following object is masked from 'package:jsonlite':
    
     flatten
    
    
    Attaching package: 'magrittr'
    
    The following object is masked from 'package:purrr':
    
     set_names
    
    
    Attaching package: 'igraph'
    
    The following objects are masked from 'package:purrr':
    
     compose, simplify
    
    The following objects are masked from 'package:dplyr':
    
     as_data_frame, groups, union
    
    The following objects are masked from 'package:stats':
    
     decompose, spectrum
    
    The following object is masked from 'package:base':
    
     union
    
    Loading required package: viridisLite
    
    Attaching package: 'tidyjson'
    
    The following object is masked from 'package:igraph':
    
     as_data_frame
    
    The following object is masked from 'package:dplyr':
    
     bind_rows
    
    The following object is masked from 'package:jsonlite':
    
     read_json
    
    The following object is masked from 'package:stats':
    
     filter
    
    Quitting from lines 123-124 (visualizing-json.Rmd)
    Error: processing vignette 'visualizing-json.Rmd' failed with diagnostics:
    there is no package called 'webshot'
    --- failed re-building ‘visualizing-json.Rmd’
    
    SUMMARY: processing the following files failed:
     ‘multiple-apis.Rmd’ ‘visualizing-json.Rmd’
    
    Error: Vignette re-building failed.
    Execution halted
Flavor: r-patched-solaris-x86

Version: 0.2.4
Check: re-building of vignette outputs
Result: WARN
    Error(s) in re-building vignettes:
    --- re-building ‘introduction-to-tidyjson.Rmd’ using rmarkdown
    Warning in engine$weave(file, quiet = quiet, encoding = enc) :
     Pandoc (>= 1.12.3) and/or pandoc-citeproc not available. Falling back to R Markdown v1.
    
    Attaching package: 'tidyjson'
    
    The following object is masked from 'package:stats':
    
     filter
    
    
    Attaching package: 'dplyr'
    
    The following object is masked from 'package:tidyjson':
    
     bind_rows
    
    The following objects are masked from 'package:stats':
    
     filter, lag
    
    The following objects are masked from 'package:base':
    
     intersect, setdiff, setequal, union
    
    --- finished re-building ‘introduction-to-tidyjson.Rmd’
    
    --- re-building ‘multiple-apis.Rmd’ using rmarkdown
    Warning in engine$weave(file, quiet = quiet, encoding = enc) :
     Pandoc (>= 1.12.3) and/or pandoc-citeproc not available. Falling back to R Markdown v1.
    
    Attaching package: 'dplyr'
    
    The following objects are masked from 'package:stats':
    
     filter, lag
    
    The following objects are masked from 'package:base':
    
     intersect, setdiff, setequal, union
    
    
    Attaching package: 'tidyjson'
    
    The following object is masked from 'package:jsonlite':
    
     read_json
    
    The following object is masked from 'package:dplyr':
    
     bind_rows
    
    The following object is masked from 'package:stats':
    
     filter
    
    
    Attaching package: 'lubridate'
    
    The following object is masked from 'package:base':
    
     date
    
    --- finished re-building ‘multiple-apis.Rmd’
    
    --- re-building ‘visualizing-json.Rmd’ using rmarkdown
    Warning in engine$weave(file, quiet = quiet, encoding = enc) :
     Pandoc (>= 1.12.3) and/or pandoc-citeproc not available. Falling back to R Markdown v1.
    
    Attaching package: 'dplyr'
    
    The following objects are masked from 'package:stats':
    
     filter, lag
    
    The following objects are masked from 'package:base':
    
     intersect, setdiff, setequal, union
    
    
    Attaching package: 'purrr'
    
    The following object is masked from 'package:jsonlite':
    
     flatten
    
    
    Attaching package: 'magrittr'
    
    The following object is masked from 'package:purrr':
    
     set_names
    
    
    Attaching package: 'igraph'
    
    The following objects are masked from 'package:purrr':
    
     compose, simplify
    
    The following objects are masked from 'package:dplyr':
    
     as_data_frame, groups, union
    
    The following objects are masked from 'package:stats':
    
     decompose, spectrum
    
    The following object is masked from 'package:base':
    
     union
    
    Loading required package: viridisLite
    
    Attaching package: 'tidyjson'
    
    The following object is masked from 'package:igraph':
    
     as_data_frame
    
    The following object is masked from 'package:dplyr':
    
     bind_rows
    
    The following object is masked from 'package:jsonlite':
    
     read_json
    
    The following object is masked from 'package:stats':
    
     filter
    
    Quitting from lines 123-124 (visualizing-json.Rmd)
    Error: processing vignette 'visualizing-json.Rmd' failed with diagnostics:
    cannot open the connection
    --- failed re-building ‘visualizing-json.Rmd’
    
    SUMMARY: processing the following file failed:
     ‘visualizing-json.Rmd’
    
    Error: Vignette re-building failed.
    Execution halted
Flavor: r-release-osx-x86_64

Version: 0.2.4
Check: re-building of vignette outputs
Result: WARN
    Error in re-building vignettes:
     ...
    The following objects are masked from 'package:purrr':
    
     compose, simplify
    
    The following objects are masked from 'package:dplyr':
    
     as_data_frame, groups, union
    
    The following object is masked from 'package:tidyjson':
    
     as_data_frame
    
    The following objects are masked from 'package:stats':
    
     decompose, spectrum
    
    The following object is masked from 'package:base':
    
     union
    
    Loading required package: viridisLite
    Quitting from lines 123-124 (visualizing-json.Rmd)
    Error: processing vignette 'visualizing-json.Rmd' failed with diagnostics:
    cannot open the connection
    Execution halted
Flavor: r-oldrel-osx-x86_64