CRAN Package Check Results for Package tidyquant

Last updated on 2020-02-15 01:01:43 CET.

Flavor Version Tinstall Tcheck Ttotal Status Flags
r-devel-linux-x86_64-debian-clang 0.5.10 9.44 179.80 189.24 OK
r-devel-linux-x86_64-debian-gcc 0.5.10 7.81 132.47 140.28 OK
r-devel-linux-x86_64-fedora-clang 0.5.10 211.32 NOTE
r-devel-linux-x86_64-fedora-gcc 0.5.10 217.67 NOTE
r-devel-windows-ix86+x86_64 0.5.10 23.00 228.00 251.00 OK
r-devel-windows-ix86+x86_64-gcc8 0.5.10 34.00 214.00 248.00 OK
r-patched-linux-x86_64 0.5.10 8.58 155.05 163.63 OK
r-patched-solaris-x86 0.5.10 283.70 NOTE
r-release-linux-x86_64 0.5.10 8.77 154.07 162.84 OK
r-release-windows-ix86+x86_64 0.5.10 17.00 208.00 225.00 OK
r-release-osx-x86_64 0.5.10 NOTE
r-oldrel-windows-ix86+x86_64 0.5.10 10.00 197.00 207.00 OK
r-oldrel-osx-x86_64 0.5.10 NOTE

Check Details

Version: 0.5.10
Check: dependencies in R code
Result: NOTE
    Namespace in Imports field not imported from: ‘xml2’
     All declared Imports should be used.
Flavors: r-devel-linux-x86_64-fedora-clang, r-devel-linux-x86_64-fedora-gcc, r-patched-solaris-x86, r-release-osx-x86_64, r-oldrel-osx-x86_64

Version: 0.5.10
Check: package dependencies
Result: NOTE
    Package suggested but not available for checking: ‘Rblpapi’
Flavor: r-patched-solaris-x86

Version: 0.5.10
Check: installed package size
Result: NOTE
     installed size is 5.2Mb
     sub-directories of 1Mb or more:
     doc 4.3Mb
Flavor: r-patched-solaris-x86

Version: 0.5.10
Check: Rd cross-references
Result: NOTE
    Package unavailable to check Rd xrefs: ‘Rblpapi’
Flavor: r-patched-solaris-x86