CRAN Package Check Results for Package trread

Last updated on 2020-02-15 01:01:43 CET.

Flavor Version Tinstall Tcheck Ttotal Status Flags
r-devel-linux-x86_64-debian-clang 0.2.7 7.88 97.64 105.52 NOTE
r-devel-linux-x86_64-debian-gcc 0.2.7 5.59 77.86 83.45 NOTE
r-devel-linux-x86_64-fedora-clang 0.2.7 134.18 NOTE
r-devel-linux-x86_64-fedora-gcc 0.2.7 129.86 NOTE
r-devel-windows-ix86+x86_64 0.2.7 17.00 117.00 134.00 NOTE
r-devel-windows-ix86+x86_64-gcc8 0.2.7 27.00 119.00 146.00 NOTE
r-patched-linux-x86_64 0.2.7 6.68 96.45 103.13 OK
r-patched-solaris-x86 0.2.7 184.30 NOTE
r-release-linux-x86_64 0.2.7 6.27 95.01 101.28 OK
r-release-windows-ix86+x86_64 0.2.7 13.00 104.00 117.00 OK
r-release-osx-x86_64 0.2.7 NOTE
r-oldrel-windows-ix86+x86_64 0.2.7 8.00 105.00 113.00 OK
r-oldrel-osx-x86_64 0.2.7 NOTE

Check Details

Version: 0.2.7
Check: package vignettes
Result: NOTE
    Package vignette with placeholder title 'Vignette Title':
     'GTFS-table-relationships.Rmd'
Flavors: r-devel-linux-x86_64-debian-clang, r-devel-linux-x86_64-debian-gcc, r-devel-windows-ix86+x86_64, r-devel-windows-ix86+x86_64-gcc8

Version: 0.2.7
Check: installed package size
Result: NOTE
     installed size is 5.0Mb
     sub-directories of 1Mb or more:
     extdata 4.4Mb
Flavors: r-devel-linux-x86_64-fedora-clang, r-patched-solaris-x86, r-release-osx-x86_64, r-oldrel-osx-x86_64

Version: 0.2.7
Check: dependencies in R code
Result: NOTE
    Namespaces in Imports field not imported from:
     ‘here’ ‘htmltools’ ‘scales’ ‘stringr’
     All declared Imports should be used.
Flavors: r-devel-linux-x86_64-fedora-clang, r-devel-linux-x86_64-fedora-gcc, r-patched-solaris-x86, r-release-osx-x86_64, r-oldrel-osx-x86_64

Version: 0.2.7
Check: data for non-ASCII characters
Result: NOTE
     Note: found 41 marked UTF-8 strings
Flavors: r-devel-linux-x86_64-fedora-clang, r-devel-linux-x86_64-fedora-gcc, r-patched-solaris-x86, r-release-osx-x86_64, r-oldrel-osx-x86_64