Last updated on 2020-02-15 01:01:44 CET.
Flavor | Version | Tinstall | Tcheck | Ttotal | Status | Flags |
---|---|---|---|---|---|---|
r-devel-linux-x86_64-debian-clang | 1.1.5 | 50.44 | 122.68 | 173.12 | OK | |
r-devel-linux-x86_64-debian-gcc | 1.1.5 | 39.95 | 96.17 | 136.12 | OK | |
r-devel-linux-x86_64-fedora-clang | 1.1.5 | 219.33 | NOTE | |||
r-devel-linux-x86_64-fedora-gcc | 1.1.5 | 221.29 | OK | |||
r-devel-windows-ix86+x86_64 | 1.1.5 | 93.00 | 223.00 | 316.00 | OK | |
r-devel-windows-ix86+x86_64-gcc8 | 1.1.5 | 141.00 | 224.00 | 365.00 | OK | |
r-patched-linux-x86_64 | 1.1.5 | 44.84 | 112.57 | 157.41 | OK | |
r-patched-solaris-x86 | 1.1.5 | 329.10 | OK | |||
r-release-linux-x86_64 | 1.1.5 | 48.29 | 111.40 | 159.69 | OK | |
r-release-windows-ix86+x86_64 | 1.1.5 | 91.00 | 201.00 | 292.00 | OK | |
r-release-osx-x86_64 | 1.1.5 | WARN | ||||
r-oldrel-windows-ix86+x86_64 | 1.1.5 | 76.00 | 267.00 | 343.00 | OK | |
r-oldrel-osx-x86_64 | 1.1.5 | WARN |
Version: 1.1.5
Check: installed package size
Result: NOTE
installed size is 15.2Mb
sub-directories of 1Mb or more:
libs 14.5Mb
Flavors: r-devel-linux-x86_64-fedora-clang, r-release-osx-x86_64, r-oldrel-osx-x86_64
Version: 1.1.5
Check: whether package can be installed
Result: WARN
Found the following significant warnings:
Warning: 'rgl_init' failed, running with rgl.useNULL = TRUE
Flavors: r-release-osx-x86_64, r-oldrel-osx-x86_64
Version: 1.1.5
Check: dependencies in R code
Result: NOTE
No protocol specified
Flavors: r-release-osx-x86_64, r-oldrel-osx-x86_64
Version: 1.1.5
Check: S3 generic/method consistency
Result: WARN
No protocol specified
See section ‘Generic functions and methods’ in the ‘Writing R
Extensions’ manual.
Flavors: r-release-osx-x86_64, r-oldrel-osx-x86_64
Version: 1.1.5
Check: replacement functions
Result: WARN
No protocol specified
The argument of a replacement function which corresponds to the right
hand side must be named ‘value’.
Flavors: r-release-osx-x86_64, r-oldrel-osx-x86_64
Version: 1.1.5
Check: foreign function calls
Result: NOTE
No protocol specified
See chapter ‘System and foreign language interfaces’ in the ‘Writing R
Extensions’ manual.
Flavors: r-release-osx-x86_64, r-oldrel-osx-x86_64
Version: 1.1.5
Check: R code for possible problems
Result: NOTE
No protocol specified
Flavors: r-release-osx-x86_64, r-oldrel-osx-x86_64
Version: 1.1.5
Check: Rd files
Result: WARN
No protocol specified
prepare_Rd: RGL: unable to open X11 display
prepare_Rd: 'rgl_init' failed, running with rgl.useNULL = TRUE
Flavor: r-release-osx-x86_64
Version: 1.1.5
Check: for missing documentation entries
Result: WARN
No protocol specified
All user-level objects in a package should have documentation entries.
See chapter ‘Writing R documentation files’ in the ‘Writing R
Extensions’ manual.
Flavors: r-release-osx-x86_64, r-oldrel-osx-x86_64
Version: 1.1.5
Check: for code/documentation mismatches
Result: WARN
No protocol specified
No protocol specified
No protocol specified
Flavors: r-release-osx-x86_64, r-oldrel-osx-x86_64
Version: 1.1.5
Check: Rd \usage sections
Result: NOTE
No protocol specified
The \usage entries for S3 methods should use the \method markup and not
their full name.
See chapter ‘Writing R documentation files’ in the ‘Writing R
Extensions’ manual.
Flavors: r-release-osx-x86_64, r-oldrel-osx-x86_64