CRAN Package Check Results for Package unmarked

Last updated on 2020-02-15 01:01:44 CET.

Flavor Version Tinstall Tcheck Ttotal Status Flags
r-devel-linux-x86_64-debian-clang 0.13-1 254.01 282.00 536.01 WARN
r-devel-linux-x86_64-debian-gcc 0.13-1 177.02 208.40 385.42 WARN
r-devel-linux-x86_64-fedora-clang 0.13-1 685.14 WARN
r-devel-linux-x86_64-fedora-gcc 0.13-1 664.40 WARN
r-devel-windows-ix86+x86_64 0.13-1 445.00 380.00 825.00 NOTE
r-devel-windows-ix86+x86_64-gcc8 0.13-1 656.00 395.00 1051.00 NOTE
r-patched-linux-x86_64 0.13-1 191.91 243.99 435.90 WARN
r-patched-solaris-x86 0.13-1 679.20 WARN
r-release-linux-x86_64 0.13-1 195.85 247.35 443.20 NOTE
r-release-windows-ix86+x86_64 0.13-1 430.00 346.00 776.00 NOTE
r-release-osx-x86_64 0.13-1 NOTE
r-oldrel-windows-ix86+x86_64 0.13-1 357.00 363.00 720.00 NOTE
r-oldrel-osx-x86_64 0.13-1 NOTE

Check Details

Version: 0.13-1
Check: Rd \usage sections
Result: WARN
    Documented arguments not in \usage in documentation object 'computeMPLElambda':
     '...'
    
    Functions with \usage entries need to have the appropriate \alias
    entries, and all their arguments documented.
    The \usage entries must correspond to syntactically valid R code.
    See chapter 'Writing R documentation files' in the 'Writing R
    Extensions' manual.
Flavors: r-devel-linux-x86_64-debian-clang, r-devel-linux-x86_64-debian-gcc, r-devel-linux-x86_64-fedora-clang, r-devel-linux-x86_64-fedora-gcc, r-patched-linux-x86_64, r-patched-solaris-x86

Version: 0.13-1
Check: for GNU extensions in Makefiles
Result: NOTE
    GNU make is a SystemRequirements.
Flavors: r-devel-linux-x86_64-debian-clang, r-devel-linux-x86_64-debian-gcc, r-devel-linux-x86_64-fedora-clang, r-devel-linux-x86_64-fedora-gcc, r-devel-windows-ix86+x86_64, r-devel-windows-ix86+x86_64-gcc8, r-patched-linux-x86_64, r-patched-solaris-x86, r-release-linux-x86_64, r-release-windows-ix86+x86_64, r-release-osx-x86_64, r-oldrel-windows-ix86+x86_64, r-oldrel-osx-x86_64

Version: 0.13-1
Check: installed package size
Result: NOTE
     installed size is 12.7Mb
     sub-directories of 1Mb or more:
     R 1.4Mb
     doc 1.6Mb
     libs 8.6Mb
Flavors: r-devel-linux-x86_64-fedora-clang, r-devel-windows-ix86+x86_64, r-devel-windows-ix86+x86_64-gcc8, r-patched-solaris-x86, r-release-windows-ix86+x86_64, r-release-osx-x86_64, r-oldrel-windows-ix86+x86_64, r-oldrel-osx-x86_64