Last updated on 2020-02-15 01:01:44 CET.
Flavor | Version | Tinstall | Tcheck | Ttotal | Status | Flags |
---|---|---|---|---|---|---|
r-devel-linux-x86_64-debian-clang | 0.5.0 | 3.15 | 76.74 | 79.89 | OK | |
r-devel-linux-x86_64-debian-gcc | 0.5.0 | 2.64 | 57.49 | 60.13 | OK | |
r-devel-linux-x86_64-fedora-clang | 0.5.0 | 94.72 | NOTE | |||
r-devel-linux-x86_64-fedora-gcc | 0.5.0 | 91.56 | NOTE | |||
r-devel-windows-ix86+x86_64 | 0.5.0 | 8.00 | 88.00 | 96.00 | NOTE | |
r-devel-windows-ix86+x86_64-gcc8 | 0.5.0 | 12.00 | 89.00 | 101.00 | NOTE | |
r-patched-linux-x86_64 | 0.5.0 | 3.20 | 69.03 | 72.23 | OK | |
r-patched-solaris-x86 | 0.5.0 | 130.60 | NOTE | |||
r-release-linux-x86_64 | 0.5.0 | 2.34 | 69.12 | 71.46 | OK | |
r-release-windows-ix86+x86_64 | 0.5.0 | 7.00 | 85.00 | 92.00 | NOTE | |
r-release-osx-x86_64 | 0.5.0 | NOTE | ||||
r-oldrel-windows-ix86+x86_64 | 0.5.0 | 5.00 | 84.00 | 89.00 | NOTE | |
r-oldrel-osx-x86_64 | 0.5.0 | NOTE |
Version: 0.5.0
Check: installed package size
Result: NOTE
installed size is 8.4Mb
sub-directories of 1Mb or more:
doc 1.6Mb
extdata 6.4Mb
Flavors: r-devel-linux-x86_64-fedora-clang, r-devel-windows-ix86+x86_64, r-devel-windows-ix86+x86_64-gcc8, r-patched-solaris-x86, r-release-windows-ix86+x86_64, r-release-osx-x86_64, r-oldrel-windows-ix86+x86_64, r-oldrel-osx-x86_64
Version: 0.5.0
Check: data for non-ASCII characters
Result: NOTE
Note: found 1 marked UTF-8 string
Flavors: r-devel-linux-x86_64-fedora-clang, r-devel-linux-x86_64-fedora-gcc, r-patched-solaris-x86, r-release-osx-x86_64, r-oldrel-osx-x86_64