Last updated on 2020-02-15 01:01:44 CET.
Flavor | Version | Tinstall | Tcheck | Ttotal | Status | Flags |
---|---|---|---|---|---|---|
r-devel-linux-x86_64-debian-clang | 1.10.0 | 150.88 | 213.02 | 363.90 | OK | |
r-devel-linux-x86_64-debian-gcc | 1.10.0 | 100.86 | 169.23 | 270.09 | OK | |
r-devel-linux-x86_64-fedora-clang | 1.10.0 | 496.19 | NOTE | |||
r-devel-linux-x86_64-fedora-gcc | 1.10.0 | 462.31 | OK | |||
r-devel-windows-ix86+x86_64 | 1.10.0 | 291.00 | 345.00 | 636.00 | OK | |
r-devel-windows-ix86+x86_64-gcc8 | 1.9.0 | 303.00 | 337.00 | 640.00 | OK | |
r-patched-linux-x86_64 | 1.10.0 | 112.74 | 196.51 | 309.25 | OK | |
r-patched-solaris-x86 | 1.10.0 | 516.10 | OK | |||
r-release-linux-x86_64 | 1.10.0 | 105.56 | 202.55 | 308.11 | OK | |
r-release-windows-ix86+x86_64 | 1.10.0 | 245.00 | 267.00 | 512.00 | OK | |
r-release-osx-x86_64 | 1.10.0 | NOTE | ||||
r-oldrel-windows-ix86+x86_64 | 1.10.0 | 336.00 | 381.00 | 717.00 | OK | |
r-oldrel-osx-x86_64 | 1.10.0 | NOTE |
Version: 1.10.0
Check: installed package size
Result: NOTE
installed size is 8.1Mb
sub-directories of 1Mb or more:
libs 6.1Mb
Flavors: r-devel-linux-x86_64-fedora-clang, r-release-osx-x86_64, r-oldrel-osx-x86_64