Last updated on 2020-02-15 01:01:45 CET.
Flavor | Version | Tinstall | Tcheck | Ttotal | Status | Flags |
---|---|---|---|---|---|---|
r-devel-linux-x86_64-debian-clang | 1.6.3 | 4.80 | 58.58 | 63.38 | NOTE | |
r-devel-linux-x86_64-debian-gcc | 1.6.3 | 3.86 | 44.04 | 47.90 | NOTE | |
r-devel-linux-x86_64-fedora-clang | 1.6.3 | 76.95 | NOTE | |||
r-devel-linux-x86_64-fedora-gcc | 1.6.3 | 70.05 | NOTE | |||
r-devel-windows-ix86+x86_64 | 1.6.3 | 12.00 | 68.00 | 80.00 | NOTE | |
r-devel-windows-ix86+x86_64-gcc8 | 1.6.3 | 17.00 | 67.00 | 84.00 | NOTE | |
r-patched-linux-x86_64 | 1.6.3 | 4.58 | 49.65 | 54.23 | OK | |
r-patched-solaris-x86 | 1.6.3 | 104.60 | NOTE | |||
r-release-linux-x86_64 | 1.6.3 | 4.29 | 51.16 | 55.45 | OK | |
r-release-windows-ix86+x86_64 | 1.6.3 | 11.00 | 62.00 | 73.00 | OK | |
r-release-osx-x86_64 | 1.6.3 | NOTE | ||||
r-oldrel-windows-ix86+x86_64 | 1.6.3 | 5.00 | 75.00 | 80.00 | OK | |
r-oldrel-osx-x86_64 | 1.6.3 | NOTE |
Version: 1.6.3
Check: package vignettes
Result: NOTE
Package vignette with placeholder title 'Vignette Title':
'wTOvignette.Rmd'
Flavors: r-devel-linux-x86_64-debian-clang, r-devel-linux-x86_64-debian-gcc, r-devel-windows-ix86+x86_64, r-devel-windows-ix86+x86_64-gcc8
Version: 1.6.3
Check: dependencies in R code
Result: NOTE
Namespace in Imports field not imported from: ‘shiny’
All declared Imports should be used.
Flavors: r-devel-linux-x86_64-fedora-clang, r-devel-linux-x86_64-fedora-gcc, r-patched-solaris-x86, r-release-osx-x86_64, r-oldrel-osx-x86_64