Last updated on 2020-02-15 01:01:44 CET.
Flavor | Version | Tinstall | Tcheck | Ttotal | Status | Flags |
---|---|---|---|---|---|---|
r-devel-linux-x86_64-debian-clang | 0.2.2 | 11.05 | 138.11 | 149.16 | OK | |
r-devel-linux-x86_64-debian-gcc | 0.2.2 | 9.70 | 110.69 | 120.39 | OK | |
r-devel-linux-x86_64-fedora-clang | 0.2.2 | 182.01 | NOTE | |||
r-devel-linux-x86_64-fedora-gcc | 0.2.2 | 174.51 | NOTE | |||
r-devel-windows-ix86+x86_64 | 0.2.2 | 21.00 | 139.00 | 160.00 | OK | |
r-devel-windows-ix86+x86_64-gcc8 | 0.2.2 | 31.00 | 140.00 | 171.00 | OK | |
r-patched-linux-x86_64 | 0.2.2 | 9.63 | 123.53 | 133.16 | OK | |
r-patched-solaris-x86 | 0.2.2 | 248.70 | NOTE | |||
r-release-linux-x86_64 | 0.2.2 | 9.86 | 124.35 | 134.21 | OK | |
r-release-windows-ix86+x86_64 | 0.2.2 | 15.00 | 128.00 | 143.00 | OK | |
r-release-osx-x86_64 | 0.2.2 | NOTE | ||||
r-oldrel-windows-ix86+x86_64 | 0.2.2 | 8.00 | 150.00 | 158.00 | OK | |
r-oldrel-osx-x86_64 | 0.2.2 | NOTE |
Version: 0.2.2
Check: dependencies in R code
Result: NOTE
Namespace in Imports field not imported from: ‘rgdal’
All declared Imports should be used.
Flavors: r-devel-linux-x86_64-fedora-clang, r-devel-linux-x86_64-fedora-gcc, r-patched-solaris-x86, r-release-osx-x86_64, r-oldrel-osx-x86_64