CRAN Package Check Results for Package waveslim

Last updated on 2020-02-15 01:01:44 CET.

Flavor Version Tinstall Tcheck Ttotal Status Flags
r-devel-linux-x86_64-debian-clang 1.7.5.1 11.25 62.97 74.22 OK
r-devel-linux-x86_64-debian-gcc 1.7.5.1 7.96 49.45 57.41 OK
r-devel-linux-x86_64-fedora-clang 1.7.5.1 92.53 NOTE
r-devel-linux-x86_64-fedora-gcc 1.7.5.1 88.38 NOTE
r-devel-windows-ix86+x86_64 1.7.5.1 22.00 113.00 135.00 OK
r-devel-windows-ix86+x86_64-gcc8 1.7.5.1 28.00 99.00 127.00 OK
r-patched-linux-x86_64 1.7.5.1 9.03 59.47 68.50 OK
r-patched-solaris-x86 1.7.5.1 113.60 OK
r-release-linux-x86_64 1.7.5.1 8.77 60.39 69.16 OK
r-release-windows-ix86+x86_64 1.7.5.1 25.00 131.00 156.00 OK
r-release-osx-x86_64 1.7.5.1 OK
r-oldrel-windows-ix86+x86_64 1.7.5.1 18.00 87.00 105.00 OK
r-oldrel-osx-x86_64 1.7.5.1 OK

Additional issues

noLD

Check Details

Version: 1.7.5.1
Check: compiled code
Result: NOTE
    File ‘waveslim/libs/waveslim.so’:
     Found no calls to: ‘R_registerRoutines’, ‘R_useDynamicSymbols’
    
    It is good practice to register native routines and to disable symbol
    search.
    
    See ‘Writing portable packages’ in the ‘Writing R Extensions’ manual.
Flavors: r-devel-linux-x86_64-fedora-clang, r-devel-linux-x86_64-fedora-gcc