CRAN Package Check Results for Package webchem

Last updated on 2020-02-15 01:01:44 CET.

Flavor Version Tinstall Tcheck Ttotal Status Flags
r-devel-linux-x86_64-debian-clang 0.4.0 6.80 45.12 51.92 OK
r-devel-linux-x86_64-debian-gcc 0.4.0 5.02 35.30 40.32 OK
r-devel-linux-x86_64-fedora-clang 0.4.0 64.59 NOTE
r-devel-linux-x86_64-fedora-gcc 0.4.0 59.72 OK
r-devel-windows-ix86+x86_64 0.4.0 13.00 65.00 78.00 OK
r-devel-windows-ix86+x86_64-gcc8 0.4.0 19.00 62.00 81.00 OK
r-patched-linux-x86_64 0.4.0 5.06 40.25 45.31 OK
r-patched-solaris-x86 0.4.0 96.90 NOTE
r-release-linux-x86_64 0.4.0 4.73 40.05 44.78 OK
r-release-windows-ix86+x86_64 0.4.0 9.00 76.00 85.00 OK
r-release-osx-x86_64 0.4.0 OK
r-oldrel-windows-ix86+x86_64 0.4.0 5.00 75.00 80.00 OK
r-oldrel-osx-x86_64 0.4.0 OK

Check Details

Version: 0.4.0
Check: package dependencies
Result: NOTE
    Suggests orphaned package: ‘rcdk’
Flavor: r-devel-linux-x86_64-fedora-clang

Version: 0.4.0
Check: package dependencies
Result: NOTE
    Package suggested but not available for checking: ‘rcdk’
Flavor: r-patched-solaris-x86