CRAN Package Check Results for Package wikilake

Last updated on 2020-02-15 01:01:44 CET.

Flavor Version Tinstall Tcheck Ttotal Status Flags
r-devel-linux-x86_64-debian-clang 0.4 4.77 41.38 46.15 OK
r-devel-linux-x86_64-debian-gcc 0.4 2.96 32.69 35.65 OK
r-devel-linux-x86_64-fedora-clang 0.4 57.39 NOTE
r-devel-linux-x86_64-fedora-gcc 0.4 54.45 NOTE
r-devel-windows-ix86+x86_64 0.4 13.00 57.00 70.00 OK
r-devel-windows-ix86+x86_64-gcc8 0.4 16.00 57.00 73.00 OK
r-patched-linux-x86_64 0.4 3.31 37.01 40.32 OK
r-patched-solaris-x86 0.4 82.10 NOTE
r-release-linux-x86_64 0.4 3.26 38.15 41.41 OK
r-release-windows-ix86+x86_64 0.4 9.00 57.00 66.00 OK
r-release-osx-x86_64 0.4 NOTE
r-oldrel-windows-ix86+x86_64 0.4 5.00 73.00 78.00 OK
r-oldrel-osx-x86_64 0.4 NOTE

Check Details

Version: 0.4
Check: data for non-ASCII characters
Result: NOTE
     Note: found 2 marked UTF-8 strings
Flavors: r-devel-linux-x86_64-fedora-clang, r-devel-linux-x86_64-fedora-gcc, r-patched-solaris-x86, r-release-osx-x86_64, r-oldrel-osx-x86_64