Last updated on 2020-02-15 01:01:45 CET.
Flavor | Version | Tinstall | Tcheck | Ttotal | Status | Flags |
---|---|---|---|---|---|---|
r-devel-linux-x86_64-debian-clang | 1.0.1.1 | 21.00 | 77.21 | 98.21 | NOTE | |
r-devel-linux-x86_64-debian-gcc | 1.0.1.1 | 17.91 | 57.58 | 75.49 | NOTE | |
r-devel-linux-x86_64-fedora-clang | 1.0.1.1 | 127.83 | NOTE | |||
r-devel-linux-x86_64-fedora-gcc | 1.0.1.1 | 124.05 | NOTE | |||
r-devel-windows-ix86+x86_64 | 1.0.1.1 | 36.00 | 102.00 | 138.00 | OK | |
r-devel-windows-ix86+x86_64-gcc8 | 1.0.1.1 | 44.00 | 98.00 | 142.00 | OK | |
r-patched-linux-x86_64 | 1.0.1.1 | 17.44 | 68.00 | 85.44 | OK | |
r-patched-solaris-x86 | 1.0.1.1 | 135.40 | OK | |||
r-release-linux-x86_64 | 1.0.1.1 | 19.26 | 69.06 | 88.32 | OK | |
r-release-windows-ix86+x86_64 | 1.0.1.1 | 32.00 | 98.00 | 130.00 | OK | |
r-release-osx-x86_64 | 1.0.1.1 | OK | ||||
r-oldrel-windows-ix86+x86_64 | 1.0.1.1 | 32.00 | 124.00 | 156.00 | OK | |
r-oldrel-osx-x86_64 | 1.0.1.1 | OK |
Version: 1.0.1.1
Check: for non-standard things in the check directory
Result: NOTE
Found the following files/directories:
'RP2_data_1.txt' 'RP2_data_4.txt' 'RP2_qtl_1.txt' 'RP2_qtl_4.txt'
'hp1_effect_qtl.txt' 'hp1_freq_mrk.txt' 'hp1_freq_qtl.txt'
'hp1_genome.txt' 'hp1_last_hp_data.txt' 'hp1_lm_mrk.txt'
'hp1_lm_qtl.txt' 'hp1_lm_qtl_mrk.txt' 'hp1_mrk.txt' 'hp1_qtl.txt'
'hp2_effect_qtl.txt' 'hp2_freq_mrk.txt' 'hp2_freq_qtl.txt'
'hp2_genome.txt' 'hp2_last_hp_data.txt' 'hp2_lm_mrk.txt'
'hp2_lm_qtl.txt' 'hp2_lm_qtl_mrk.txt' 'hp2_mrk.txt' 'hp2_qtl.txt'
'my_RP_data_1.txt' 'my_RP_data_4.txt' 'my_RP_mrk_1.txt'
'my_RP_mrk_4.txt'
Flavors: r-devel-linux-x86_64-debian-clang, r-devel-linux-x86_64-debian-gcc, r-devel-linux-x86_64-fedora-clang, r-devel-linux-x86_64-fedora-gcc