CRAN Package Check Results for Package xpose

Last updated on 2020-02-15 01:01:45 CET.

Flavor Version Tinstall Tcheck Ttotal Status Flags
r-devel-linux-x86_64-debian-clang 0.4.7 13.21 213.88 227.09 OK
r-devel-linux-x86_64-debian-gcc 0.4.7 11.50 154.31 165.81 OK
r-devel-linux-x86_64-fedora-clang 0.4.7 299.32 OK
r-devel-linux-x86_64-fedora-gcc 0.4.7 204.64 OK
r-devel-windows-ix86+x86_64 0.4.7 26.00 240.00 266.00 OK
r-devel-windows-ix86+x86_64-gcc8 0.4.6 39.00 235.00 274.00 NOTE
r-patched-linux-x86_64 0.4.7 10.57 192.68 203.25 OK
r-patched-solaris-x86 0.4.7 332.70 NOTE
r-release-linux-x86_64 0.4.7 10.69 190.97 201.66 OK
r-release-windows-ix86+x86_64 0.4.7 19.00 182.00 201.00 OK
r-release-osx-x86_64 0.4.7 OK
r-oldrel-windows-ix86+x86_64 0.4.7 21.00 287.00 308.00 OK
r-oldrel-osx-x86_64 0.4.7 OK

Check Details

Version: 0.4.6
Check: installed package size
Result: NOTE
     installed size is 5.1Mb
     sub-directories of 1Mb or more:
     doc 3.4Mb
Flavor: r-devel-windows-ix86+x86_64-gcc8

Version: 0.4.7
Check: installed package size
Result: NOTE
     installed size is 5.2Mb
     sub-directories of 1Mb or more:
     doc 3.1Mb
Flavor: r-patched-solaris-x86