Last updated on 2020-02-15 01:01:45 CET.
Flavor | Version | Tinstall | Tcheck | Ttotal | Status | Flags |
---|---|---|---|---|---|---|
r-devel-linux-x86_64-debian-clang | 4.6.1 | 25.12 | 188.75 | 213.87 | WARN | |
r-devel-linux-x86_64-debian-gcc | 4.6.1 | 21.63 | 133.45 | 155.08 | WARN | |
r-devel-linux-x86_64-fedora-clang | 4.6.1 | 277.11 | WARN | |||
r-devel-linux-x86_64-fedora-gcc | 4.6.1 | 261.90 | WARN | |||
r-devel-windows-ix86+x86_64 | 4.6.1 | 40.00 | 209.00 | 249.00 | OK | |
r-devel-windows-ix86+x86_64-gcc8 | 4.6.1 | 57.00 | 199.00 | 256.00 | OK | |
r-patched-linux-x86_64 | 4.6.1 | 20.75 | 167.28 | 188.03 | WARN | |
r-patched-solaris-x86 | 4.6.1 | 281.30 | WARN | |||
r-release-linux-x86_64 | 4.6.1 | 21.28 | 165.84 | 187.12 | OK | |
r-release-windows-ix86+x86_64 | 4.6.1 | 33.00 | 219.00 | 252.00 | OK | |
r-release-osx-x86_64 | 4.6.1 | OK | ||||
r-oldrel-windows-ix86+x86_64 | 4.6.1 | 23.00 | 184.00 | 207.00 | OK | |
r-oldrel-osx-x86_64 | 4.6.1 | OK |
Version: 4.6.1
Check: Rd \usage sections
Result: WARN
Documented arguments not in \usage in documentation object 'read_NM_output':
'...'
Functions with \usage entries need to have the appropriate \alias
entries, and all their arguments documented.
The \usage entries must correspond to syntactically valid R code.
See chapter 'Writing R documentation files' in the 'Writing R
Extensions' manual.
Flavors: r-devel-linux-x86_64-debian-clang, r-devel-linux-x86_64-debian-gcc, r-devel-linux-x86_64-fedora-clang, r-devel-linux-x86_64-fedora-gcc, r-patched-linux-x86_64, r-patched-solaris-x86