CRAN Package Check Results for Package yamlet

Last updated on 2020-02-15 01:01:45 CET.

Flavor Version Tinstall Tcheck Ttotal Status Flags
r-devel-linux-x86_64-debian-clang 0.3.3 5.82 60.18 66.00 OK
r-devel-linux-x86_64-debian-gcc 0.3.3 4.34 45.07 49.41 OK
r-devel-linux-x86_64-fedora-clang 0.3.3 83.25 NOTE
r-devel-linux-x86_64-fedora-gcc 0.3.3 78.69 NOTE
r-devel-windows-ix86+x86_64 0.3.3 18.00 81.00 99.00 OK
r-devel-windows-ix86+x86_64-gcc8 0.3.3 25.00 78.00 103.00 OK
r-patched-linux-x86_64 0.3.3 4.94 52.06 57.00 OK
r-patched-solaris-x86 0.3.3 99.00 NOTE
r-release-linux-x86_64 0.3.3 5.35 51.88 57.23 OK
r-release-windows-ix86+x86_64 0.3.3 13.00 75.00 88.00 OK
r-release-osx-x86_64 0.3.3 NOTE
r-oldrel-windows-ix86+x86_64 0.3.3 9.00 70.00 79.00 OK
r-oldrel-osx-x86_64 0.3.3 NOTE

Check Details

Version: 0.3.3
Check: dependencies in R code
Result: NOTE
    Namespace in Imports field not imported from: ‘knitr’
     All declared Imports should be used.
Flavors: r-devel-linux-x86_64-fedora-clang, r-devel-linux-x86_64-fedora-gcc, r-patched-solaris-x86, r-release-osx-x86_64, r-oldrel-osx-x86_64