Last updated on 2020-03-27 00:49:14 CET.
Flavor | Version | Tinstall | Tcheck | Ttotal | Status | Flags |
---|---|---|---|---|---|---|
r-devel-linux-x86_64-debian-clang | 0.7 | 3.43 | 61.90 | 65.33 | OK | |
r-devel-linux-x86_64-debian-gcc | 0.7 | 2.46 | 44.12 | 46.58 | OK | |
r-devel-linux-x86_64-fedora-clang | 0.7 | 82.68 | NOTE | |||
r-devel-linux-x86_64-fedora-gcc | 0.7 | 75.45 | NOTE | |||
r-devel-windows-ix86+x86_64 | 0.7 | 7.00 | 73.00 | 80.00 | OK | |
r-devel-windows-ix86+x86_64-gcc8 | 0.7 | 7.00 | 78.00 | 85.00 | OK | |
r-patched-linux-x86_64 | 0.7 | 2.55 | 58.18 | 60.73 | OK | |
r-patched-solaris-x86 | 0.7 | 134.00 | NOTE | |||
r-release-linux-x86_64 | 0.7 | 2.46 | 57.84 | 60.30 | OK | |
r-release-windows-ix86+x86_64 | 0.7 | 10.00 | 100.00 | 110.00 | OK | |
r-release-osx-x86_64 | 0.7 | NOTE | ||||
r-oldrel-windows-ix86+x86_64 | 0.7 | 8.00 | 107.00 | 115.00 | OK | |
r-oldrel-osx-x86_64 | 0.7 | NOTE |
Version: 0.7
Check: dependencies in R code
Result: NOTE
Namespaces in Imports field not imported from:
‘fields’ ‘knitr’
All declared Imports should be used.
Flavors: r-devel-linux-x86_64-fedora-clang, r-devel-linux-x86_64-fedora-gcc, r-patched-solaris-x86, r-release-osx-x86_64, r-oldrel-osx-x86_64