Last updated on 2020-03-27 00:49:15 CET.
Flavor | Version | Tinstall | Tcheck | Ttotal | Status | Flags |
---|---|---|---|---|---|---|
r-devel-linux-x86_64-debian-clang | 1.2 | 57.86 | 219.10 | 276.96 | OK | |
r-devel-linux-x86_64-debian-gcc | 1.2 | 52.88 | 171.15 | 224.03 | OK | |
r-devel-linux-x86_64-fedora-clang | 1.2 | 354.82 | NOTE | |||
r-devel-linux-x86_64-fedora-gcc | 1.2 | 355.87 | OK | |||
r-devel-windows-ix86+x86_64 | 1.2 | 98.00 | 180.00 | 278.00 | NOTE | |
r-devel-windows-ix86+x86_64-gcc8 | 1.2 | 113.00 | 184.00 | 297.00 | NOTE | |
r-patched-linux-x86_64 | 1.2 | 55.38 | 198.86 | 254.24 | OK | |
r-release-linux-x86_64 | 1.2 | 54.95 | 198.53 | 253.48 | OK | |
r-release-windows-ix86+x86_64 | 1.2 | 125.00 | 255.00 | 380.00 | NOTE | |
r-release-osx-x86_64 | 1.2 | NOTE | ||||
r-oldrel-windows-ix86+x86_64 | 1.2 | 40.00 | 18.00 | 58.00 | ERROR | |
r-oldrel-osx-x86_64 | 1.2 | NOTE |
Version: 1.2
Check: installed package size
Result: NOTE
installed size is 35.4Mb
sub-directories of 1Mb or more:
R 35.3Mb
Flavors: r-devel-linux-x86_64-fedora-clang, r-devel-windows-ix86+x86_64, r-devel-windows-ix86+x86_64-gcc8, r-release-windows-ix86+x86_64, r-release-osx-x86_64, r-oldrel-osx-x86_64
Version: 1.2
Check: whether package can be installed
Result: ERROR
Installation failed.
Flavor: r-oldrel-windows-ix86+x86_64