CRAN Package Check Results for Package ArchaeoPhases

Last updated on 2020-03-27 00:49:15 CET.

Flavor Version Tinstall Tcheck Ttotal Status Flags
r-devel-linux-x86_64-debian-clang 1.4 8.58 150.65 159.23 NOTE
r-devel-linux-x86_64-debian-gcc 1.4 7.07 117.44 124.51 NOTE
r-devel-linux-x86_64-fedora-clang 1.4 202.02 NOTE
r-devel-linux-x86_64-fedora-gcc 1.4 186.63 NOTE
r-devel-windows-ix86+x86_64 1.4 16.00 154.00 170.00 OK
r-devel-windows-ix86+x86_64-gcc8 1.4 22.00 162.00 184.00 OK
r-patched-linux-x86_64 1.4 7.49 140.43 147.92 OK
r-patched-solaris-x86 1.4 308.80 NOTE
r-release-linux-x86_64 1.4 6.80 139.10 145.90 OK
r-release-windows-ix86+x86_64 1.4 32.00 268.00 300.00 OK
r-release-osx-x86_64 1.4 NOTE
r-oldrel-windows-ix86+x86_64 1.4 22.00 250.00 272.00 OK
r-oldrel-osx-x86_64 1.4 NOTE

Check Details

Version: 1.4
Check: for non-standard things in the check directory
Result: NOTE
    Found the following files/directories:
     'CharacteristicsOfPhase.svg' 'Characteristics_Event.2.svg'
     'MinMaxPhases.csv' 'MultiPhasePlot.png' 'MultiSuccessionPlot.svg'
     'Succession.png' 'data.csv' 'fishpond_MCMC.csv'
Flavors: r-devel-linux-x86_64-debian-clang, r-devel-linux-x86_64-debian-gcc, r-devel-linux-x86_64-fedora-clang, r-devel-linux-x86_64-fedora-gcc, r-patched-solaris-x86

Version: 1.4
Check: dependencies in R code
Result: NOTE
    Namespace in Imports field not imported from: ‘DT’
     All declared Imports should be used.
Flavors: r-devel-linux-x86_64-fedora-clang, r-devel-linux-x86_64-fedora-gcc, r-patched-solaris-x86, r-release-osx-x86_64, r-oldrel-osx-x86_64