CRAN Package Check Results for Package AsyK

Last updated on 2020-03-27 00:49:15 CET.

Flavor Version Tinstall Tcheck Ttotal Status Flags
r-devel-linux-x86_64-debian-clang 1.5.4 11.57 66.59 78.16 OK
r-devel-linux-x86_64-debian-gcc 1.5.4 9.04 51.83 60.87 OK
r-devel-linux-x86_64-fedora-clang 1.5.4 95.92 OK
r-devel-linux-x86_64-fedora-gcc 1.5.4 93.21 OK
r-devel-windows-ix86+x86_64 1.5.4 18.00 75.00 93.00 OK
r-devel-windows-ix86+x86_64-gcc8 1.5.4 16.00 71.00 87.00 OK
r-patched-linux-x86_64 1.5.4 10.48 59.51 69.99 OK
r-patched-solaris-x86 1.5.4 158.90 OK
r-release-linux-x86_64 1.5.4 8.43 59.20 67.63 OK
r-release-windows-ix86+x86_64 1.5.4 21.00 131.00 152.00 OK
r-release-osx-x86_64 1.5.4 WARN
r-oldrel-windows-ix86+x86_64 1.5.4 15.00 119.00 134.00 OK
r-oldrel-osx-x86_64 1.5.4 OK

Check Details

Version: 1.5.4
Check: dependencies in R code
Result: NOTE
    No protocol specified
    No protocol specified
Flavor: r-release-osx-x86_64

Version: 1.5.4
Check: S3 generic/method consistency
Result: WARN
    No protocol specified
    No protocol specified
    See section ‘Generic functions and methods’ in the ‘Writing R
    Extensions’ manual.
Flavor: r-release-osx-x86_64

Version: 1.5.4
Check: replacement functions
Result: WARN
    No protocol specified
    No protocol specified
    The argument of a replacement function which corresponds to the right
    hand side must be named ‘value’.
Flavor: r-release-osx-x86_64

Version: 1.5.4
Check: foreign function calls
Result: NOTE
    No protocol specified
    No protocol specified
    See chapter ‘System and foreign language interfaces’ in the ‘Writing R
    Extensions’ manual.
Flavor: r-release-osx-x86_64

Version: 1.5.4
Check: R code for possible problems
Result: NOTE
    No protocol specified
    No protocol specified
Flavor: r-release-osx-x86_64

Version: 1.5.4
Check: for missing documentation entries
Result: WARN
    No protocol specified
    No protocol specified
    All user-level objects in a package should have documentation entries.
    See chapter ‘Writing R documentation files’ in the ‘Writing R
    Extensions’ manual.
Flavor: r-release-osx-x86_64

Version: 1.5.4
Check: for code/documentation mismatches
Result: WARN
    No protocol specified
    No protocol specified
    No protocol specified
    No protocol specified
    No protocol specified
    No protocol specified
Flavor: r-release-osx-x86_64

Version: 1.5.4
Check: Rd \usage sections
Result: NOTE
    No protocol specified
    No protocol specified
    The \usage entries for S3 methods should use the \method markup and not
    their full name.
    See chapter ‘Writing R documentation files’ in the ‘Writing R
    Extensions’ manual.
Flavor: r-release-osx-x86_64