CRAN Package Check Results for Package BGSIMD

Last updated on 2020-03-27 00:49:16 CET.

Flavor Version Tinstall Tcheck Ttotal Status Flags
r-devel-linux-x86_64-debian-clang 1.0 1.63 17.99 19.62 NOTE
r-devel-linux-x86_64-debian-gcc 1.0 1.59 14.36 15.95 NOTE
r-devel-linux-x86_64-fedora-clang 1.0 26.57 NOTE
r-devel-linux-x86_64-fedora-gcc 1.0 23.65 NOTE
r-devel-windows-ix86+x86_64 1.0 6.00 40.00 46.00 NOTE
r-devel-windows-ix86+x86_64-gcc8 1.0 5.00 28.00 33.00 NOTE
r-patched-linux-x86_64 1.0 1.21 16.63 17.84 NOTE
r-patched-solaris-x86 1.0 39.60 NOTE
r-release-linux-x86_64 1.0 1.39 16.73 18.12 NOTE
r-release-windows-ix86+x86_64 1.0 4.00 39.00 43.00 NOTE
r-release-osx-x86_64 1.0 NOTE
r-oldrel-windows-ix86+x86_64 1.0 2.00 26.00 28.00 NOTE
r-oldrel-osx-x86_64 1.0 NOTE

Check Details

Version: 1.0
Check: R code for possible problems
Result: NOTE
    block.gibbs: no visible global function definition for 'rmultinom'
    rdirichlet: no visible global function definition for 'rgamma'
    Undefined global functions or variables:
     rgamma rmultinom
    Consider adding
     importFrom("stats", "rgamma", "rmultinom")
    to your NAMESPACE file.
Flavors: r-devel-linux-x86_64-debian-clang, r-devel-linux-x86_64-debian-gcc, r-devel-linux-x86_64-fedora-clang, r-devel-linux-x86_64-fedora-gcc, r-devel-windows-ix86+x86_64, r-devel-windows-ix86+x86_64-gcc8, r-patched-linux-x86_64, r-patched-solaris-x86, r-release-linux-x86_64, r-release-windows-ix86+x86_64, r-release-osx-x86_64, r-oldrel-windows-ix86+x86_64, r-oldrel-osx-x86_64